Last updated on 2021-02-24 19:48:20 CET.
Flavor | Version | Tinstall | Tcheck | Ttotal | Status | Flags |
---|---|---|---|---|---|---|
r-devel-linux-x86_64-debian-clang | 0.1.0 | 2.10 | 19.97 | 22.07 | OK | |
r-devel-linux-x86_64-debian-gcc | 0.1.0 | 1.82 | 15.92 | 17.74 | OK | |
r-devel-linux-x86_64-fedora-clang | 0.1.0 | 39.26 | NOTE | |||
r-devel-linux-x86_64-fedora-gcc | 0.1.0 | 28.63 | NOTE | |||
r-devel-windows-ix86+x86_64 | 0.1.0 | 6.00 | 27.00 | 33.00 | OK | |
r-patched-linux-x86_64 | 0.1.0 | 1.42 | 19.40 | 20.82 | OK | |
r-patched-solaris-x86 | 0.1.0 | 43.20 | NOTE | |||
r-release-linux-x86_64 | 0.1.0 | 1.61 | 19.50 | 21.11 | OK | |
r-release-macos-x86_64 | 0.1.0 | NOTE | ||||
r-release-windows-ix86+x86_64 | 0.1.0 | 8.00 | 35.00 | 43.00 | OK | |
r-oldrel-macos-x86_64 | 0.1.0 | ERROR |
Version: 0.1.0
Check: dependencies in R code
Result: NOTE
Namespaces in Imports field not imported from:
‘Hmisc’ ‘corrgram’ ‘datasets’ ‘dplyr’ ‘psych’ ‘psycho’ ‘rpivotTable’
‘shiny’
All declared Imports should be used.
Flavors: r-devel-linux-x86_64-fedora-clang, r-devel-linux-x86_64-fedora-gcc, r-patched-solaris-x86, r-release-macos-x86_64
Version: 0.1.0
Check: whether package can be installed
Result: ERROR
Installation failed.
Flavor: r-oldrel-macos-x86_64