CRAN Package Check Results for Package SSOSVM

Last updated on 2021-03-08 19:51:23 CET.

Flavor Version Tinstall Tcheck Ttotal Status Flags
r-devel-linux-x86_64-debian-clang 0.2.1 36.52 27.68 64.20 OK
r-devel-linux-x86_64-debian-gcc 0.2.1 24.21 21.94 46.15 OK
r-devel-linux-x86_64-fedora-clang 0.2.1 100.81 NOTE
r-devel-linux-x86_64-fedora-gcc 0.2.1 80.04 NOTE
r-devel-windows-ix86+x86_64 0.2.1 81.00 74.00 155.00 OK
r-devel-windows-x86_64-gcc10-UCRT 0.2.1 NOTE
r-patched-linux-x86_64 0.2.1 28.79 27.18 55.97 OK
r-patched-solaris-x86 0.2.1 93.60 NOTE
r-release-linux-x86_64 0.2.1 28.81 27.30 56.11 OK
r-release-macos-x86_64 0.2.1 NOTE
r-release-windows-ix86+x86_64 0.2.1 65.00 70.00 135.00 OK
r-oldrel-macos-x86_64 0.2.1 NOTE
r-oldrel-windows-ix86+x86_64 0.2.1 56.00 49.00 105.00 OK

Check Details

Version: 0.2.1
Check: dependencies in R code
Result: NOTE
    Namespace in Imports field not imported from: ‘MASS’
     All declared Imports should be used.
Flavors: r-devel-linux-x86_64-fedora-clang, r-devel-linux-x86_64-fedora-gcc, r-devel-windows-x86_64-gcc10-UCRT, r-patched-solaris-x86, r-release-macos-x86_64, r-oldrel-macos-x86_64

Version: 0.2.1
Check: package dependencies
Result: NOTE
    Package suggested but not available for checking: 'gifski'
Flavors: r-devel-windows-x86_64-gcc10-UCRT, r-patched-solaris-x86