CRAN Package Check Results for Package SSN2

Last updated on 2024-04-16 20:50:50 CEST.

Flavor Version Tinstall Tcheck Ttotal Status Flags
r-devel-linux-x86_64-debian-clang 0.1.1 27.21 664.76 691.97 OK
r-devel-linux-x86_64-debian-gcc 0.1.1 17.46 471.22 488.68 OK
r-devel-linux-x86_64-fedora-clang 0.1.1 814.29 NOTE
r-devel-linux-x86_64-fedora-gcc 0.1.1 790.66 OK
r-prerel-macos-arm64 0.1.1 184.00 NOTE
r-prerel-windows-x86_64 0.1.1 23.00 382.00 405.00 OK
r-patched-linux-x86_64 0.1.1 24.18 613.87 638.05 OK
r-release-linux-x86_64 0.1.1 23.70 633.41 657.11 OK
r-release-macos-arm64 0.1.1 209.00 NOTE
r-release-macos-x86_64 0.1.1 617.00 NOTE
r-release-windows-x86_64 0.1.1 32.00 578.00 610.00 OK
r-oldrel-macos-arm64 0.1.1 185.00 NOTE
r-oldrel-windows-x86_64 0.1.1 30.00 560.00 590.00 OK

Check Details

Version: 0.1.1
Check: installed package size
Result: NOTE installed size is 5.0Mb sub-directories of 1Mb or more: doc 1.6Mb lsndata 2.4Mb Flavors: r-devel-linux-x86_64-fedora-clang, r-prerel-macos-arm64, r-release-macos-arm64, r-release-macos-x86_64, r-oldrel-macos-arm64