CRAN Package Check Results for Package SRTsim

Last updated on 2024-02-20 23:54:08 CET.

Flavor Version Tinstall Tcheck Ttotal Status Flags
r-devel-linux-x86_64-debian-clang 0.99.6 OK
r-devel-linux-x86_64-debian-gcc 0.99.6 23.58 220.76 244.34 OK
r-devel-linux-x86_64-fedora-clang 0.99.6 394.02 NOTE
r-devel-linux-x86_64-fedora-gcc 0.99.6 385.90 OK
r-devel-windows-x86_64 0.99.6 24.00 219.00 243.00 OK
r-patched-linux-x86_64 0.99.6 22.98 288.76 311.74 OK
r-release-linux-x86_64 0.99.6 24.27 289.14 313.41 OK
r-release-macos-arm64 0.99.6 120.00 OK
r-release-macos-x86_64 0.99.6 212.00 OK
r-release-windows-x86_64 0.99.6 30.00 282.00 312.00 OK
r-oldrel-macos-arm64 0.99.6 84.00 OK
r-oldrel-windows-x86_64 0.99.6 35.00 287.00 322.00 OK

Check Details

Version: 0.99.6
Check: package dependencies
Result: NOTE Imports includes 22 non-default packages. Importing from so many packages makes the package vulnerable to any of them becoming unavailable. Move as many as possible to Suggests and use conditionally. Flavor: r-devel-linux-x86_64-fedora-clang