Last updated on 2023-03-30 03:52:47 CEST.
Flavor | Version | Tinstall | Tcheck | Ttotal | Status | Flags |
---|---|---|---|---|---|---|
r-devel-linux-x86_64-debian-clang | 0.99.6 | 26.24 | 298.66 | 324.90 | OK | |
r-devel-linux-x86_64-debian-gcc | 0.99.6 | 21.93 | 223.80 | 245.73 | OK | |
r-devel-linux-x86_64-fedora-clang | 0.99.6 | 393.47 | NOTE | |||
r-devel-linux-x86_64-fedora-gcc | 0.99.6 | 410.53 | OK | |||
r-devel-windows-x86_64 | 0.99.6 | 70.00 | 351.00 | 421.00 | OK | |
r-patched-linux-x86_64 | 0.99.6 | 25.56 | 284.33 | 309.89 | OK | |
r-release-linux-x86_64 | 0.99.6 | 22.97 | 284.82 | 307.79 | OK | |
r-release-macos-arm64 | 0.99.6 | 84.00 | OK | |||
r-release-macos-x86_64 | 0.99.6 | 143.00 | OK | |||
r-release-windows-x86_64 | 0.99.6 | 55.00 | 333.00 | 388.00 | OK | |
r-oldrel-macos-arm64 | 0.99.6 | 89.00 | OK | |||
r-oldrel-macos-x86_64 | 0.99.6 | 148.00 | OK | |||
r-oldrel-windows-ix86+x86_64 | 0.99.6 | 59.00 | 362.00 | 421.00 | OK |
Version: 0.99.6
Check: package dependencies
Result: NOTE
Imports includes 22 non-default packages.
Importing from so many packages makes the package vulnerable to any of
them becoming unavailable. Move as many as possible to Suggests and
use conditionally.
Flavor: r-devel-linux-x86_64-fedora-clang