CRAN Package Check Results for Package SPECIES

Last updated on 2024-04-17 16:53:23 CEST.

Flavor Version Tinstall Tcheck Ttotal Status Flags
r-devel-linux-x86_64-debian-clang 1.1.4 9.37 33.34 42.71 OK
r-devel-linux-x86_64-debian-gcc 1.1.4 6.30 25.06 31.36 OK
r-devel-linux-x86_64-fedora-clang 1.1.4 53.11 NOTE
r-devel-linux-x86_64-fedora-gcc 1.1.4 49.72 NOTE
r-prerel-macos-arm64 1.1.4 21.00 OK
r-prerel-windows-x86_64 1.1.4 10.00 48.00 58.00 OK
r-patched-linux-x86_64 1.1.4 6.99 33.22 40.21 OK
r-release-linux-x86_64 1.1.4 6.47 33.41 39.88 OK
r-release-macos-arm64 1.1.4 22.00 OK
r-release-macos-x86_64 1.1.4 41.00 OK
r-release-windows-x86_64 1.1.4 9.00 48.00 57.00 OK
r-oldrel-macos-arm64 1.1.4 24.00 OK
r-oldrel-windows-x86_64 1.1.4 10.00 51.00 61.00 OK

Check Details

Version: 1.1.4
Check: compiled code
Result: NOTE File ‘SPECIES/libs/SPECIES.so’: Found no calls to: ‘R_registerRoutines’, ‘R_useDynamicSymbols’ It is good practice to register native routines and to disable symbol search. See ‘Writing portable packages’ in the ‘Writing R Extensions’ manual. Flavors: r-devel-linux-x86_64-fedora-clang, r-devel-linux-x86_64-fedora-gcc