CRAN Package Check Results for Package SMARTp

Last updated on 2021-02-24 19:48:19 CET.

Flavor Version Tinstall Tcheck Ttotal Status Flags
r-devel-linux-x86_64-debian-clang 0.1.1 2.74 36.53 39.27 OK
r-devel-linux-x86_64-debian-gcc 0.1.1 2.43 28.97 31.40 OK
r-devel-linux-x86_64-fedora-clang 0.1.1 57.77 NOTE
r-devel-linux-x86_64-fedora-gcc 0.1.1 47.75 NOTE
r-devel-windows-ix86+x86_64 0.1.1 7.00 46.00 53.00 OK
r-patched-linux-x86_64 0.1.1 2.96 35.48 38.44 OK
r-patched-solaris-x86 0.1.1 78.10 NOTE
r-release-linux-x86_64 0.1.1 2.59 35.91 38.50 OK
r-release-macos-x86_64 0.1.1 NOTE
r-release-windows-ix86+x86_64 0.1.1 9.00 62.00 71.00 OK
r-oldrel-macos-x86_64 0.1.1 NOTE
r-oldrel-windows-ix86+x86_64 0.1.1 5.00 55.00 60.00 OK

Check Details

Version: 0.1.1
Check: dependencies in R code
Result: NOTE
    Namespace in Imports field not imported from: ‘covr’
     All declared Imports should be used.
Flavors: r-devel-linux-x86_64-fedora-clang, r-devel-linux-x86_64-fedora-gcc, r-patched-solaris-x86, r-release-macos-x86_64, r-oldrel-macos-x86_64