CRAN Package Check Results for Package SLOPE

Last updated on 2021-06-24 07:50:27 CEST.

Flavor Version Tinstall Tcheck Ttotal Status Flags
r-devel-linux-x86_64-debian-clang 0.3.3 86.29 128.71 215.00 OK
r-devel-linux-x86_64-debian-gcc 0.3.3 65.83 95.30 161.13 OK
r-devel-linux-x86_64-fedora-clang 0.3.3 289.69 NOTE
r-devel-linux-x86_64-fedora-gcc 0.3.3 272.27 OK
r-devel-windows-x86_64 0.3.3 90.00 179.00 269.00 OK
r-devel-windows-x86_64-gcc10-UCRT 0.3.3 NOTE
r-patched-linux-x86_64 0.3.3 71.68 123.02 194.70 OK
r-patched-solaris-x86 0.3.3 328.80 OK
r-release-linux-x86_64 0.3.3 73.28 122.31 195.59 OK
r-release-macos-arm64 0.3.3 NOTE
r-release-macos-x86_64 0.3.3 NOTE
r-release-windows-ix86+x86_64 0.3.3 187.00 208.00 395.00 OK
r-oldrel-macos-x86_64 0.3.3 NOTE

Check Details

Version: 0.3.3
Check: installed package size
Result: NOTE
     installed size is 7.2Mb
     sub-directories of 1Mb or more:
     libs 6.7Mb
Flavors: r-devel-linux-x86_64-fedora-clang, r-release-macos-arm64, r-release-macos-x86_64, r-oldrel-macos-x86_64

Version: 0.3.3
Check: package dependencies
Result: NOTE
    Package suggested but not available for checking: 'covr'
Flavor: r-devel-windows-x86_64-gcc10-UCRT