CRAN Package Check Results for Package SITH

Last updated on 2024-06-13 12:50:00 CEST.

Flavor Version Tinstall Tcheck Ttotal Status Flags
r-devel-linux-x86_64-debian-clang 1.1.0 62.36 68.97 131.33 OK
r-devel-linux-x86_64-debian-gcc 1.1.0 38.78 46.18 84.96 ERROR
r-devel-linux-x86_64-fedora-clang 1.1.0 190.54 OK
r-devel-linux-x86_64-fedora-gcc 1.1.0 208.79 NOTE
r-devel-windows-x86_64 1.1.0 43.00 93.00 136.00 OK
r-patched-linux-x86_64 1.1.0 50.65 66.93 117.58 OK
r-release-linux-x86_64 1.1.0 49.18 69.38 118.56 OK
r-release-macos-arm64 1.1.0 80.00 OK
r-release-macos-x86_64 1.1.0 98.00 OK
r-release-windows-x86_64 1.1.0 42.00 97.00 139.00 OK
r-oldrel-macos-arm64 1.1.0 88.00 OK
r-oldrel-macos-x86_64 1.1.0 141.00 OK
r-oldrel-windows-x86_64 1.1.0 44.00 107.00 151.00 OK

Check Details

Version: 1.1.0
Check: package dependencies
Result: NOTE Packages suggested but not available for checking: 'igraph', 'testthat' Flavor: r-devel-linux-x86_64-debian-gcc

Version: 1.1.0
Check: tests
Result: ERROR Running ‘testthat.R’ [0s/1s] Running the tests in ‘tests/testthat.R’ failed. Complete output: > library(testthat) Error in library(testthat) : there is no package called 'testthat' Execution halted Flavor: r-devel-linux-x86_64-debian-gcc

Version: 1.1.0
Check: re-building of vignette outputs
Result: ERROR Error(s) in re-building vignettes: ... --- re-building ‘SITH.Rmd’ using rmarkdown Warning in snapshot3d(paste0(name, ".png")) : webshot = TRUE requires the webshot2 package and Chrome browser; using rgl.snapshot() instead Warning in snapshot3d(paste0(name, ".png")) : webshot = TRUE requires the webshot2 package and Chrome browser; using rgl.snapshot() instead ** Processing: /home/hornik/tmp/R.check/r-devel-gcc/Work/PKGS/SITH.Rcheck/vign_test/SITH/vignettes/SITH_files/figure-html/unnamed-chunk-7-1.png 720x384 pixels, 3x8 bits/pixel, RGB Input IDAT size = 40457 bytes Input file size = 40583 bytes Trying: zc = 9 zm = 8 zs = 0 f = 0 IDAT size = 26819 zc = 9 zm = 8 zs = 1 f = 0 zc = 1 zm = 8 zs = 2 f = 0 zc = 9 zm = 8 zs = 3 f = 0 zc = 9 zm = 8 zs = 0 f = 5 zc = 9 zm = 8 zs = 1 f = 5 zc = 1 zm = 8 zs = 2 f = 5 zc = 9 zm = 8 zs = 3 f = 5 Selecting parameters: zc = 9 zm = 8 zs = 0 f = 0 IDAT size = 26819 Output IDAT size = 26819 bytes (13638 bytes decrease) Output file size = 26897 bytes (13686 bytes = 33.72% decrease) ** Processing: /home/hornik/tmp/R.check/r-devel-gcc/Work/PKGS/SITH.Rcheck/vign_test/SITH/vignettes/SITH_files/figure-html/unnamed-chunk-8-1.png 720x576 pixels, 3x8 bits/pixel, RGB Input IDAT size = 48614 bytes Input file size = 48752 bytes Trying: zc = 9 zm = 8 zs = 0 f = 0 IDAT size = 38430 zc = 9 zm = 8 zs = 1 f = 0 zc = 1 zm = 8 zs = 2 f = 0 zc = 9 zm = 8 zs = 3 f = 0 zc = 9 zm = 8 zs = 0 f = 5 zc = 9 zm = 8 zs = 1 f = 5 zc = 1 zm = 8 zs = 2 f = 5 zc = 9 zm = 8 zs = 3 f = 5 Selecting parameters: zc = 9 zm = 8 zs = 0 f = 0 IDAT size = 38430 Output IDAT size = 38430 bytes (10184 bytes decrease) Output file size = 38508 bytes (10244 bytes = 21.01% decrease) ** Processing: /home/hornik/tmp/R.check/r-devel-gcc/Work/PKGS/SITH.Rcheck/vign_test/SITH/vignettes/SITH_files/figure-html/unnamed-chunk-16-1.png 720x576 pixels, 8 bits/pixel, 229 colors in palette Input IDAT size = 4681 bytes Input file size = 5458 bytes Trying: zc = 9 zm = 8 zs = 0 f = 0 IDAT size = 3979 zc = 9 zm = 8 zs = 1 f = 0 zc = 1 zm = 8 zs = 2 f = 0 zc = 9 zm = 8 zs = 3 f = 0 zc = 9 zm = 8 zs = 0 f = 5 zc = 9 zm = 8 zs = 1 f = 5 zc = 1 zm = 8 zs = 2 f = 5 zc = 9 zm = 8 zs = 3 f = 5 Selecting parameters: zc = 9 zm = 8 zs = 0 f = 0 IDAT size = 3979 Output IDAT size = 3979 bytes (702 bytes decrease) Output file size = 4756 bytes (702 bytes = 12.86% decrease) Quitting from lines 296-304 [unnamed-chunk-17] (SITH.Rmd) Error: processing vignette 'SITH.Rmd' failed with diagnostics: igraph needed to compile the vignette. --- failed re-building ‘SITH.Rmd’ SUMMARY: processing the following file failed: ‘SITH.Rmd’ Error: Vignette re-building failed. Execution halted Flavor: r-devel-linux-x86_64-debian-gcc

Version: 1.1.0
Check: for detritus in the temp directory
Result: NOTE Found the following files/directories: ‘Crashpad’ Flavor: r-devel-linux-x86_64-fedora-gcc