CRAN Package Check Results for Package SIS

Last updated on 2021-09-21 07:50:37 CEST.

Flavor Version Tinstall Tcheck Ttotal Status Flags
r-devel-linux-x86_64-debian-clang 0.8-8 8.46 67.21 75.67 OK
r-devel-linux-x86_64-debian-gcc 0.8-8 6.24 52.15 58.39 OK
r-devel-linux-x86_64-fedora-clang 0.8-8 99.48 OK
r-devel-linux-x86_64-fedora-gcc 0.8-8 88.08 OK
r-devel-windows-x86_64 0.8-8 10.00 69.00 79.00 OK
r-devel-windows-x86_64-gcc10-UCRT 0.8-8 ERROR
r-patched-linux-x86_64 0.8-8 8.42 64.80 73.22 OK
r-patched-solaris-x86 0.8-8 132.10 OK
r-release-linux-x86_64 0.8-8 7.80 64.79 72.59 OK
r-release-macos-arm64 0.8-8 OK
r-release-macos-x86_64 0.8-8 OK
r-release-windows-ix86+x86_64 0.8-8 17.00 91.00 108.00 OK
r-oldrel-macos-x86_64 0.8-8 OK
r-oldrel-windows-ix86+x86_64 0.8-8 17.00 61.00 78.00 OK

Check Details

Version: 0.8-8
Check: whether package can be installed
Result: WARN
    Found the following significant warnings:
     WARNING: installation-time patches will not be applied, could not get the patches index
Flavor: r-devel-windows-x86_64-gcc10-UCRT

Version: 0.8-8
Check: PDF version of manual
Result: WARN
    LaTeX errors when creating PDF version.
    This typically indicates Rd problems.
Flavor: r-devel-windows-x86_64-gcc10-UCRT

Version: 0.8-8
Check: PDF version of manual without hyperrefs or index
Result: ERROR
    Re-running with no redirection of stdout/stderr.
Flavor: r-devel-windows-x86_64-gcc10-UCRT