CRAN Package Check Results for Package SDraw

Last updated on 2021-06-24 07:50:26 CEST.

Flavor Version Tinstall Tcheck Ttotal Status Flags
r-devel-linux-x86_64-debian-clang 2.1.13 17.25 277.82 295.07 OK
r-devel-linux-x86_64-debian-gcc 2.1.13 13.66 196.49 210.15 OK
r-devel-linux-x86_64-fedora-clang 2.1.13 340.29 NOTE
r-devel-linux-x86_64-fedora-gcc 2.1.13 366.62 NOTE
r-devel-windows-x86_64 2.1.13 24.00 331.00 355.00 OK
r-devel-windows-x86_64-gcc10-UCRT 2.1.13 ERROR
r-patched-linux-x86_64 2.1.13 22.46 254.77 277.23 OK
r-patched-solaris-x86 2.1.13 1264.50 NOTE
r-release-linux-x86_64 2.1.13 17.31 202.29 219.60 OK
r-release-macos-arm64 2.1.13 NOTE
r-release-macos-x86_64 2.1.13 NOTE
r-release-windows-ix86+x86_64 2.1.13 25.00 271.00 296.00 OK
r-oldrel-macos-x86_64 2.1.13 NOTE

Check Details

Version: 2.1.13
Check: dependencies in R code
Result: NOTE
    Namespace in Imports field not imported from: ‘covr’
     All declared Imports should be used.
Flavors: r-devel-linux-x86_64-fedora-clang, r-devel-linux-x86_64-fedora-gcc, r-patched-solaris-x86, r-release-macos-arm64, r-release-macos-x86_64, r-oldrel-macos-x86_64

Version: 2.1.13
Check: package dependencies
Result: ERROR
    Package required but not available: 'covr'
    
    Package suggested but not available for checking: 'devtools'
    
    See section 'The DESCRIPTION file' in the 'Writing R Extensions'
    manual.
Flavor: r-devel-windows-x86_64-gcc10-UCRT