CRAN Package Check Results for Package SDT

Last updated on 2021-09-21 15:51:20 CEST.

Flavor Version Tinstall Tcheck Ttotal Status Flags
r-devel-linux-x86_64-debian-clang 1.0.0 2.41 26.70 29.11 OK
r-devel-linux-x86_64-debian-gcc 1.0.0 1.70 21.11 22.81 OK
r-devel-linux-x86_64-fedora-clang 1.0.0 44.93 OK
r-devel-linux-x86_64-fedora-gcc 1.0.0 33.54 OK
r-devel-windows-x86_64 1.0.0 4.00 31.00 35.00 OK
r-devel-windows-x86_64-gcc10-UCRT 1.0.0 ERROR
r-patched-linux-x86_64 1.0.0 2.67 25.67 28.34 OK
r-patched-solaris-x86 1.0.0 49.90 OK
r-release-linux-x86_64 1.0.0 2.10 25.89 27.99 OK
r-release-macos-arm64 1.0.0 OK
r-release-macos-x86_64 1.0.0 OK
r-release-windows-ix86+x86_64 1.0.0 5.00 46.00 51.00 OK
r-oldrel-macos-x86_64 1.0.0 OK
r-oldrel-windows-ix86+x86_64 1.0.0 4.00 38.00 42.00 OK

Check Details

Version: 1.0.0
Check: whether package can be installed
Result: WARN
    Found the following significant warnings:
     WARNING: installation-time patches will not be applied, could not get the patches index
Flavor: r-devel-windows-x86_64-gcc10-UCRT

Version: 1.0.0
Check: PDF version of manual
Result: WARN
    LaTeX errors when creating PDF version.
    This typically indicates Rd problems.
Flavor: r-devel-windows-x86_64-gcc10-UCRT

Version: 1.0.0
Check: PDF version of manual without hyperrefs or index
Result: ERROR
    Re-running with no redirection of stdout/stderr.
Flavor: r-devel-windows-x86_64-gcc10-UCRT