CRAN Package Check Results for Package SDAR

Last updated on 2021-06-15 23:51:30 CEST.

Flavor Version Tinstall Tcheck Ttotal Status Flags
r-devel-linux-x86_64-debian-clang 0.9-55 8.96 70.35 79.31 OK
r-devel-linux-x86_64-debian-gcc 0.9-55 8.54 53.93 62.47 OK
r-devel-linux-x86_64-fedora-clang 0.9-55 106.28 NOTE
r-devel-linux-x86_64-fedora-gcc 0.9-55 99.79 NOTE
r-devel-windows-x86_64 0.9-55 17.00 95.00 112.00 OK
r-devel-windows-x86_64-gcc10-UCRT 0.9-55 NOTE
r-patched-linux-x86_64 0.9-55 7.91 67.95 75.86 OK
r-patched-solaris-x86 0.9-55 128.00 NOTE
r-release-linux-x86_64 0.9-55 8.11 67.30 75.41 OK
r-release-macos-arm64 0.9-55 NOTE
r-release-macos-x86_64 0.9-55 NOTE
r-release-windows-ix86+x86_64 0.9-55 20.00 91.00 111.00 OK
r-oldrel-macos-x86_64 0.9-55 NOTE
r-oldrel-windows-ix86+x86_64 0.9-55 22.00 93.00 115.00 OK

Check Details

Version: 0.9-55
Check: data for non-ASCII characters
Result: NOTE
     Note: found 2 marked UTF-8 strings
Flavors: r-devel-linux-x86_64-fedora-clang, r-devel-linux-x86_64-fedora-gcc, r-devel-windows-x86_64-gcc10-UCRT, r-patched-solaris-x86, r-release-macos-arm64, r-release-macos-x86_64, r-oldrel-macos-x86_64