CRAN Package Check Results for Package SCpubr

Last updated on 2023-03-22 03:51:28 CET.

Flavor Version Tinstall Tcheck Ttotal Status Flags
r-devel-linux-x86_64-debian-clang 1.1.2 14.19 303.14 317.33 OK
r-devel-linux-x86_64-debian-gcc 1.1.2 9.42 220.66 230.08 OK
r-devel-linux-x86_64-fedora-clang 1.1.2 399.17 NOTE
r-devel-linux-x86_64-fedora-gcc 1.1.2 395.26 NOTE
r-devel-windows-x86_64 1.1.2 58.00 363.00 421.00 OK
r-patched-linux-x86_64 1.1.2 15.04 271.70 286.74 OK
r-release-linux-x86_64 1.1.2 11.58 271.82 283.40 OK
r-release-macos-arm64 1.1.2 84.00 ERROR
r-release-macos-x86_64 1.1.2 132.00 ERROR
r-release-windows-x86_64 1.1.2 39.00 345.00 384.00 OK
r-oldrel-macos-arm64 1.1.2 60.00 NOTE
r-oldrel-macos-x86_64 1.1.2 137.00 ERROR
r-oldrel-windows-ix86+x86_64 1.1.2 20.00 351.00 371.00 ERROR

Check Details

Version: 1.1.2
Check: package dependencies
Result: NOTE
    Package suggested but not available for checking: ‘AUCell’
Flavors: r-devel-linux-x86_64-fedora-clang, r-devel-linux-x86_64-fedora-gcc

Version: 1.1.2
Check: Rd cross-references
Result: NOTE
    Undeclared package ‘SeuratObject’ in Rd xrefs
Flavor: r-devel-linux-x86_64-fedora-clang

Version: 1.1.2
Check: package dependencies
Result: NOTE
    Packages suggested but not available for checking:
     'Nebulosa', 'infercnv', 'AUCell'
Flavors: r-release-macos-arm64, r-release-macos-x86_64

Version: 1.1.2
Check: Rd cross-references
Result: NOTE
    Package unavailable to check Rd xrefs: ‘infercnv’
Flavors: r-release-macos-arm64, r-release-macos-x86_64

Version: 1.1.2
Check: tests
Result: ERROR
     Running ‘testthat.R’ [48s/49s]
    Running the tests in ‘tests/testthat.R’ failed.
    Last 13 lines of output:
     ▆
     1. └─SCpubr::do_FunctionalAnnotationPlot(...) at test-do_FunctionalAnnotationPlot.R:5:4
     2. └─SCpubr:::do_EnrichedTermTreePlot(...)
     3. ├─p.build$data[[7]][c("label", "node")]
     4. └─base::`[.data.frame`(p.build$data[[7]], c("label", "node"))
    
     [ FAIL 1 | WARN 1 | SKIP 417 | PASS 87 ]
     Error: Test failures
     In addition: Warning message:
     In dplyr::left_join(., y = { :
     Each row in `x` is expected to match at most 1 row in `y`.
     ℹ Row 1 of `x` matches multiple rows.
     ℹ If multiple matches are expected, set `multiple = "all"` to silence this
     warning.
     Execution halted
Flavor: r-release-macos-arm64

Version: 1.1.2
Check: tests
Result: ERROR
     Running ‘testthat.R’ [71s/72s]
    Running the tests in ‘tests/testthat.R’ failed.
    Last 13 lines of output:
     ▆
     1. └─SCpubr::do_FunctionalAnnotationPlot(...) at test-do_FunctionalAnnotationPlot.R:5:4
     2. └─SCpubr:::do_EnrichedTermTreePlot(...)
     3. ├─p.build$data[[7]][c("label", "node")]
     4. └─base::`[.data.frame`(p.build$data[[7]], c("label", "node"))
    
     [ FAIL 1 | WARN 1 | SKIP 417 | PASS 87 ]
     Error: Test failures
     In addition: Warning message:
     In dplyr::left_join(., y = { :
     Each row in `x` is expected to match at most 1 row in `y`.
     ℹ Row 1 of `x` matches multiple rows.
     ℹ If multiple matches are expected, set `multiple = "all"` to silence this
     warning.
     Execution halted
Flavor: r-release-macos-x86_64

Version: 1.1.2
Check: package dependencies
Result: NOTE
    Packages suggested but not available for checking:
     'Nebulosa', 'infercnv', 'UCell', 'AUCell'
Flavors: r-oldrel-macos-arm64, r-oldrel-macos-x86_64

Version: 1.1.2
Check: Rd cross-references
Result: NOTE
    Package unavailable to check Rd xrefs: ‘infercnv’
    Unknown package ‘UCell’ in Rd xrefs
Flavors: r-oldrel-macos-arm64, r-oldrel-macos-x86_64

Version: 1.1.2
Check: tests
Result: ERROR
     Running ‘testthat.R’ [72s/73s]
    Running the tests in ‘tests/testthat.R’ failed.
    Last 13 lines of output:
     4. └─enrichplot::treeplot(...)
     5. └─enrichplot:::treeplot.enrichResult(...)
     6. └─enrichplot:::group_tree(...)
     7. └─enrichplot:::add_cladelab(...)
     8. └─base::data.frame(...)
    
     [ FAIL 1 | WARN 1 | SKIP 417 | PASS 87 ]
     Error: Test failures
     In addition: Warning message:
     In dplyr::left_join(., y = { :
     Each row in `x` is expected to match at most 1 row in `y`.
     ℹ Row 1 of `x` matches multiple rows.
     ℹ If multiple matches are expected, set `multiple = "all"` to silence this
     warning.
     Execution halted
Flavor: r-oldrel-macos-x86_64

Version: 1.1.2
Check: package dependencies
Result: NOTE
    Package suggested but not available for checking: 'UCell'
Flavor: r-oldrel-windows-ix86+x86_64

Version: 1.1.2
Check: dependencies in R code
Result: WARN
    Missing or unexported object: 'AUCell::AUCell_run'
Flavor: r-oldrel-windows-ix86+x86_64

Version: 1.1.2
Check: Rd cross-references
Result: NOTE
    Unknown package 'UCell' in Rd xrefs
Flavor: r-oldrel-windows-ix86+x86_64

Version: 1.1.2
Check: tests
Result: ERROR
     Running 'testthat.R' [208s]
    Running the tests in 'tests/testthat.R' failed.
    Complete output:
     > library(testthat)
     > library(SCpubr)
     ---------------------------------------------------------------
     SCpubr
    
     If you use SCpubr in your research, please cite it accordingly:
     Blanco-Carmona, E. Generating publication ready visualizations for Single Cell transcriptomics using SCpubr. bioRxiv (2022) doi:10.1101/2022.02.28.482303.
    
     If the package is useful to you, consider leaving a Star in the GitHub repo: https://github.com/enblacar/SCpubr/stargazers
    
     Keep track of the package updates on Twitter (@Enblacar) or in https://github.com/enblacar/SCpubr/blob/main/NEWS.md
    
     To suppress this startup message, use:
     suppressPackageStartupMessages(library('SCpubr'))
     ---------------------------------------------------------------
     > test_check("SCpubr")
    
    
     [ FAIL 1 | WARN 1 | SKIP 440 | PASS 90 ]
    
     == Skipped tests ===============================================================
     * On CRAN (440)
    
     == Failed tests ================================================================
     -- Error ('test-do_FunctionalAnnotationPlot.R:5:5'): do_FunctionalAnnotationPlot: CRAN essential tests --
     Error in ``[.data.frame`(p.build$data[[7]], c("label", "node"))`: undefined columns selected
     Backtrace:
     x
     1. \-SCpubr::do_FunctionalAnnotationPlot(...) at test-do_FunctionalAnnotationPlot.R:5:4
     2. \-SCpubr:::do_EnrichedTermTreePlot(...)
     3. +-p.build$data[[7]][c("label", "node")]
     4. \-base::`[.data.frame`(p.build$data[[7]], c("label", "node"))
    
     [ FAIL 1 | WARN 1 | SKIP 440 | PASS 90 ]
     Error: Test failures
     In addition: Warning message:
     In dplyr::left_join(., y = { :
     Each row in `x` is expected to match at most 1 row in `y`.
     i Row 1 of `x` matches multiple rows.
     i If multiple matches are expected, set `multiple = "all"` to silence this
     warning.
     Execution halted
Flavor: r-oldrel-windows-ix86+x86_64