Last updated on 2021-02-28 19:48:11 CET.
Flavor | Version | Tinstall | Tcheck | Ttotal | Status | Flags |
---|---|---|---|---|---|---|
r-devel-linux-x86_64-debian-clang | 1.0.7 | OK | ||||
r-devel-linux-x86_64-debian-gcc | 1.0.7 | 9.49 | 209.46 | 218.95 | OK | |
r-devel-linux-x86_64-fedora-clang | 1.0.7 | 346.00 | OK | |||
r-devel-linux-x86_64-fedora-gcc | 1.0.7 | 331.35 | OK | |||
r-devel-windows-ix86+x86_64 | 1.0.7 | 22.00 | 197.00 | 219.00 | OK | |
r-patched-linux-x86_64 | 1.0.7 | 12.81 | 266.94 | 279.75 | OK | |
r-patched-solaris-x86 | 1.0.7 | 703.60 | OK | |||
r-release-linux-x86_64 | 1.0.7 | 11.55 | 266.73 | 278.28 | OK | |
r-release-macos-x86_64 | 1.0.7 | OK | ||||
r-release-windows-ix86+x86_64 | 1.0.7 | 31.00 | 257.00 | 288.00 | OK | |
r-oldrel-macos-x86_64 | 1.0.7 | ERROR | ||||
r-oldrel-windows-ix86+x86_64 | 1.0.7 | 19.00 | 269.00 | 288.00 | OK |
Version: 1.0.7
Check: package dependencies
Result: ERROR
Package required but not available: ‘dynwrap’
See section ‘The DESCRIPTION file’ in the ‘Writing R Extensions’
manual.
Flavor: r-oldrel-macos-x86_64