CRAN Package Check Results for Package SAR

Last updated on 2021-02-28 11:52:04 CET.

Flavor Version Tinstall Tcheck Ttotal Status Flags
r-devel-linux-x86_64-debian-clang 1.0.3 76.40 88.01 164.41 NOTE
r-devel-linux-x86_64-debian-gcc 1.0.3 54.45 68.00 122.45 NOTE
r-devel-linux-x86_64-fedora-clang 1.0.3 227.56 NOTE
r-devel-linux-x86_64-fedora-gcc 1.0.3 206.34 NOTE
r-devel-windows-ix86+x86_64 1.0.3 124.00 125.00 249.00 NOTE
r-patched-linux-x86_64 1.0.3 65.38 82.03 147.41 NOTE
r-patched-solaris-x86 1.0.3 242.50 NOTE
r-release-linux-x86_64 1.0.3 63.99 82.54 146.53 NOTE
r-release-macos-x86_64 1.0.3 NOTE
r-release-windows-ix86+x86_64 1.0.3 181.00 159.00 340.00 NOTE
r-oldrel-macos-x86_64 1.0.3 NOTE
r-oldrel-windows-ix86+x86_64 1.0.3 121.00 109.00 230.00 NOTE

Check Details

Version: 1.0.3
Check: for GNU extensions in Makefiles
Result: NOTE
    GNU make is a SystemRequirements.
Flavors: r-devel-linux-x86_64-debian-clang, r-devel-linux-x86_64-debian-gcc, r-devel-linux-x86_64-fedora-clang, r-devel-linux-x86_64-fedora-gcc, r-devel-windows-ix86+x86_64, r-patched-linux-x86_64, r-patched-solaris-x86, r-release-linux-x86_64, r-release-macos-x86_64, r-release-windows-ix86+x86_64, r-oldrel-macos-x86_64, r-oldrel-windows-ix86+x86_64

Version: 1.0.3
Check: dependencies in R code
Result: NOTE
    Namespaces in Imports field not imported from:
     ‘httr’ ‘jsonlite’
     All declared Imports should be used.
Flavors: r-devel-linux-x86_64-fedora-clang, r-devel-linux-x86_64-fedora-gcc, r-patched-solaris-x86, r-release-macos-x86_64, r-oldrel-macos-x86_64