CRAN Package Check Results for Package SAM

Last updated on 2021-06-19 23:49:34 CEST.

Flavor Version Tinstall Tcheck Ttotal Status Flags
r-devel-linux-x86_64-debian-clang 1.1.2.1 81.42 45.70 127.12 OK
r-devel-linux-x86_64-debian-gcc 1.1.2.1 52.24 37.05 89.29 OK
r-devel-linux-x86_64-fedora-clang 1.1.2.1 172.29 NOTE
r-devel-linux-x86_64-fedora-gcc 1.1.2.1 155.83 NOTE
r-devel-windows-x86_64 1.1.2.1 76.00 63.00 139.00 OK
r-devel-windows-x86_64-gcc10-UCRT 1.1.2.1 OK
r-patched-linux-x86_64 1.1.2.1 61.76 46.06 107.82 OK
r-patched-solaris-x86 1.1.2.1 150.60 OK
r-release-linux-x86_64 1.1.2.1 60.98 45.97 106.95 OK
r-release-macos-arm64 1.1.2.1 NOTE
r-release-macos-x86_64 1.1.2.1 NOTE
r-release-windows-ix86+x86_64 1.1.2.1 146.00 85.00 231.00 OK
r-oldrel-macos-x86_64 1.1.2.1 NOTE
r-oldrel-windows-ix86+x86_64 1.1.2.1 108.00 110.00 218.00 OK

Check Details

Version: 1.1.2.1
Check: installed package size
Result: NOTE
     installed size is 20.6Mb
     sub-directories of 1Mb or more:
     libs 20.5Mb
Flavors: r-devel-linux-x86_64-fedora-clang, r-release-macos-arm64, r-release-macos-x86_64, r-oldrel-macos-x86_64

Version: 1.1.2.1
Check: top-level files
Result: NOTE
    ‘cleanup’: /bin/bash is not portable
Flavors: r-devel-linux-x86_64-fedora-clang, r-devel-linux-x86_64-fedora-gcc