CRAN Package Check Results for Package Rvcg

Last updated on 2021-06-14 11:53:04 CEST.

Flavor Version Tinstall Tcheck Ttotal Status Flags
r-devel-linux-x86_64-debian-clang 0.19.2 742.64 46.96 789.60 OK
r-devel-linux-x86_64-debian-gcc 0.19.2 517.88 41.45 559.33 OK
r-devel-linux-x86_64-fedora-clang 0.19.2 1130.71 NOTE
r-devel-linux-x86_64-fedora-gcc 0.19.2 1050.53 OK
r-devel-windows-x86_64 0.19.2 840.00 91.00 931.00 OK
r-devel-windows-x86_64-gcc10-UCRT 0.19.2 OK
r-patched-linux-x86_64 0.19.2 631.12 51.56 682.68 OK
r-patched-solaris-x86 0.19.2 849.30 OK
r-release-linux-x86_64 0.19.2 588.66 51.01 639.67 OK
r-release-macos-arm64 0.19.2 NOTE
r-release-macos-x86_64 0.19.2 NOTE
r-release-windows-ix86+x86_64 0.19.2 1643.00 129.00 1772.00 NOTE
r-oldrel-macos-x86_64 0.19.2 NOTE
r-oldrel-windows-ix86+x86_64 0.19.2 1208.00 206.00 1414.00 NOTE

Check Details

Version: 0.19.2
Check: installed package size
Result: NOTE
     installed size is 49.7Mb
     sub-directories of 1Mb or more:
     libs 49.0Mb
Flavors: r-devel-linux-x86_64-fedora-clang, r-release-macos-arm64, r-release-macos-x86_64, r-release-windows-ix86+x86_64, r-oldrel-macos-x86_64, r-oldrel-windows-ix86+x86_64