CRAN Package Check Results for Package Rsolnp

Last updated on 2021-05-07 19:49:30 CEST.

Flavor Version Tinstall Tcheck Ttotal Status Flags
r-devel-linux-x86_64-debian-clang 1.16 4.89 36.36 41.25 OK
r-devel-linux-x86_64-debian-gcc 1.16 3.68 27.78 31.46 OK
r-devel-linux-x86_64-fedora-clang 1.16 63.24 OK
r-devel-linux-x86_64-fedora-gcc 1.16 49.45 OK
r-devel-windows-ix86+x86_64 1.16 7.00 49.00 56.00 OK
r-devel-windows-x86_64-gcc10-UCRT 1.16 OK
r-patched-linux-x86_64 1.16 4.05 35.60 39.65 OK
r-patched-solaris-x86 1.16 63.70 OK
r-release-linux-x86_64 1.16 3.75 33.76 37.51 OK
r-release-macos-x86_64 1.16 OK
r-release-windows-ix86+x86_64 1.16 7.00 37.00 44.00 OK
r-oldrel-macos-x86_64 1.16 OK
r-oldrel-windows-ix86+x86_64 1.16 7.00 13.00 20.00 ERROR

Check Details

Version: 1.16
Check: whether package can be installed
Result: ERROR
    Installation failed.
Flavor: r-oldrel-windows-ix86+x86_64