CRAN Package Check Results for Package Rpoet

Last updated on 2022-05-23 11:50:14 CEST.

Flavor Version Tinstall Tcheck Ttotal Status Flags
r-devel-linux-x86_64-debian-clang 1.1.0 1.79 33.35 35.14 NOTE
r-devel-linux-x86_64-debian-gcc 1.1.0 1.37 26.42 27.79 NOTE
r-devel-linux-x86_64-fedora-clang 1.1.0 43.54 NOTE
r-devel-linux-x86_64-fedora-gcc 1.1.0 42.23 NOTE
r-devel-windows-x86_64 1.1.0 10.00 55.00 65.00 NOTE
r-patched-linux-x86_64 1.1.0 1.94 33.48 35.42 NOTE
r-release-linux-x86_64 1.1.0 NOTE
r-release-macos-arm64 1.1.0 16.00 NOTE
r-release-macos-x86_64 1.1.0 22.00 NOTE
r-release-windows-x86_64 1.1.0 7.00 55.00 62.00 NOTE
r-oldrel-macos-arm64 1.1.0 17.00 NOTE
r-oldrel-macos-x86_64 1.1.0 27.00 NOTE
r-oldrel-windows-ix86+x86_64 1.1.0 5.00 48.00 53.00 NOTE

Check Details

Version: 1.1.0
Check: LazyData
Result: NOTE
     'LazyData' is specified without a 'data' directory
Flavors: r-devel-linux-x86_64-debian-clang, r-devel-linux-x86_64-debian-gcc, r-devel-linux-x86_64-fedora-clang, r-devel-linux-x86_64-fedora-gcc, r-devel-windows-x86_64, r-patched-linux-x86_64, r-release-linux-x86_64, r-release-macos-arm64, r-release-macos-x86_64, r-release-windows-x86_64, r-oldrel-macos-arm64, r-oldrel-macos-x86_64, r-oldrel-windows-ix86+x86_64