Last updated on 2021-04-20 23:47:56 CEST.
Flavor | Version | Tinstall | Tcheck | Ttotal | Status | Flags |
---|---|---|---|---|---|---|
r-devel-linux-x86_64-debian-clang | 1.4-5 | 19.95 | 95.97 | 115.92 | OK | |
r-devel-linux-x86_64-debian-gcc | 1.4-5 | 17.29 | 71.78 | 89.07 | OK | |
r-devel-linux-x86_64-fedora-clang | 1.4-5 | 150.95 | OK | |||
r-devel-linux-x86_64-fedora-gcc | 1.4-5 | 139.81 | OK | |||
r-devel-windows-ix86+x86_64 | 1.4-5 | 46.00 | 105.00 | 151.00 | OK | |
r-devel-windows-x86_64-gcc10-UCRT | 1.4-5 | OK | ||||
r-patched-linux-x86_64 | 1.4-5 | 22.45 | 87.74 | 110.19 | WARN | |
r-patched-solaris-x86 | 1.4-5 | 180.50 | OK | |||
r-release-linux-x86_64 | 1.4-5 | 19.95 | 86.55 | 106.50 | OK | |
r-release-macos-x86_64 | 1.4-5 | OK | ||||
r-release-windows-ix86+x86_64 | 1.4-5 | 46.00 | 141.00 | 187.00 | OK | |
r-oldrel-macos-x86_64 | 1.4-5 | OK | ||||
r-oldrel-windows-ix86+x86_64 | 1.4-5 | 44.00 | 133.00 | 177.00 | OK |
Version: 1.4-5
Check: whether package can be installed
Result: WARN
Found the following significant warnings:
Rd warning: /tmp/Rtmpw2erKR/R.INSTALL1b28edbe82/RobustAFT/man/TML.censored.rd:55: file link ‘fitted’ in package ‘stats’ does not exist and so has been treated as a topic
Rd warning: /tmp/Rtmpw2erKR/R.INSTALL1b28edbe82/RobustAFT/man/TML.noncensored.rd:60: file link ‘fitted’ in package ‘stats’ does not exist and so has been treated as a topic
Rd warning: /tmp/Rtmpw2erKR/R.INSTALL1b28edbe82/RobustAFT/man/summary.TML.rd:13: file link ‘fitted’ in package ‘stats’ does not exist and so has been treated as a topic
Flavor: r-patched-linux-x86_64