CRAN Package Check Results for Package Rmosek

Last updated on 2022-01-21 19:48:47 CET.

Flavor Version Tinstall Tcheck Ttotal Status Flags
r-devel-linux-x86_64-debian-clang 1.3.5 2.08 30.01 32.09 NOTE
r-devel-linux-x86_64-debian-gcc 1.3.5 1.77 23.61 25.38 NOTE
r-devel-linux-x86_64-fedora-clang 1.3.5 40.51 OK
r-devel-linux-x86_64-fedora-gcc 1.3.5 29.42 OK
r-devel-windows-x86_64-new-UL 1.3.5 14.00 53.00 67.00 OK
r-devel-windows-x86_64-new-TK 1.3.5 OK
r-patched-linux-x86_64 1.3.5 2.29 29.24 31.53 NOTE
r-release-linux-x86_64 1.3.5 1.96 29.05 31.01 NOTE
r-release-macos-arm64 1.3.5 OK
r-release-macos-x86_64 1.3.5 OK
r-release-windows-ix86+x86_64 1.3.5 5.00 40.00 45.00 OK
r-oldrel-macos-x86_64 1.3.5 OK
r-oldrel-windows-ix86+x86_64 1.3.5 5.00 38.00 43.00 OK

Check Details

Version: 1.3.5
Check: R code for possible problems
Result: NOTE
    Found the following calls to attach():
    File 'Rmosek/R/builder.R':
     attach(builderenv, pos, name, warn.conflicts)
    See section 'Good practice' in '?attach'.
Flavors: r-devel-linux-x86_64-debian-clang, r-devel-linux-x86_64-debian-gcc, r-patched-linux-x86_64, r-release-linux-x86_64