Last updated on 2021-03-01 03:53:26 CET.
Flavor | Version | Tinstall | Tcheck | Ttotal | Status | Flags |
---|---|---|---|---|---|---|
r-devel-linux-x86_64-debian-clang | 0.1.0 | OK | ||||
r-devel-linux-x86_64-debian-gcc | 0.1.0 | 15.28 | 110.37 | 125.65 | OK | |
r-devel-linux-x86_64-fedora-clang | 0.1.0 | 211.91 | NOTE | |||
r-devel-linux-x86_64-fedora-gcc | 0.1.0 | 202.99 | NOTE | |||
r-devel-windows-ix86+x86_64 | 0.1.0 | 22.00 | 121.00 | 143.00 | OK | |
r-patched-linux-x86_64 | 0.1.0 | 15.66 | 137.66 | 153.32 | OK | |
r-patched-solaris-x86 | 0.1.0 | 227.20 | NOTE | |||
r-release-linux-x86_64 | 0.1.0 | 16.22 | 137.31 | 153.53 | OK | |
r-release-macos-x86_64 | 0.1.0 | NOTE | ||||
r-release-windows-ix86+x86_64 | 0.1.0 | 33.00 | 169.00 | 202.00 | OK | |
r-oldrel-macos-x86_64 | 0.1.0 | NOTE | ||||
r-oldrel-windows-ix86+x86_64 | 0.1.0 | 21.00 | 165.00 | 186.00 | OK |
Version: 0.1.0
Check: dependencies in R code
Result: NOTE
Namespaces in Imports field not imported from:
‘Rdpack’ ‘magrittr’
All declared Imports should be used.
Flavors: r-devel-linux-x86_64-fedora-clang, r-devel-linux-x86_64-fedora-gcc, r-patched-solaris-x86, r-release-macos-x86_64, r-oldrel-macos-x86_64