CRAN Package Check Results for Package RiskPortfolios

Last updated on 2024-05-21 23:52:47 CEST.

Flavor Version Tinstall Tcheck Ttotal Status Flags
r-devel-linux-x86_64-debian-clang 2.1.7 3.24 45.79 49.03 OK
r-devel-linux-x86_64-debian-gcc 2.1.7 2.82 32.96 35.78 OK
r-devel-linux-x86_64-fedora-clang 2.1.7 62.76 NOTE
r-devel-linux-x86_64-fedora-gcc 2.1.7 59.07 NOTE
r-devel-windows-x86_64 2.1.7 4.00 54.00 58.00 OK
r-patched-linux-x86_64 2.1.7 2.82 42.62 45.44 OK
r-release-linux-x86_64 2.1.7 2.39 43.69 46.08 OK
r-release-macos-arm64 2.1.7 21.00 OK
r-release-windows-x86_64 2.1.7 4.00 53.00 57.00 OK
r-oldrel-macos-arm64 2.1.7 27.00 OK
r-oldrel-macos-x86_64 2.1.7 30.00 OK
r-oldrel-windows-x86_64 2.1.7 4.00 61.00 65.00 OK

Check Details

Version: 2.1.7
Check: dependencies in R code
Result: NOTE Namespace in Imports field not imported from: ‘MASS’ All declared Imports should be used. Flavors: r-devel-linux-x86_64-fedora-clang, r-devel-linux-x86_64-fedora-gcc