CRAN Package Check Results for Package RiskPortfolios

Last updated on 2021-01-20 03:48:19 CET.

Flavor Version Tinstall Tcheck Ttotal Status Flags
r-devel-linux-x86_64-debian-clang 2.1.4 2.51 43.75 46.26 OK
r-devel-linux-x86_64-debian-gcc 2.1.4 2.44 31.04 33.48 OK
r-devel-linux-x86_64-fedora-clang 2.1.4 65.37 NOTE
r-devel-linux-x86_64-fedora-gcc 2.1.4 56.01 NOTE
r-devel-windows-ix86+x86_64 2.1.4 5.00 46.00 51.00 OK
r-patched-linux-x86_64 2.1.4 2.75 39.88 42.63 OK
r-patched-solaris-x86 2.1.4 72.90 NOTE
r-release-linux-x86_64 2.1.4 2.97 40.88 43.85 OK
r-release-macos-x86_64 2.1.4 NOTE
r-release-windows-ix86+x86_64 2.1.4 6.00 45.00 51.00 OK
r-oldrel-macos-x86_64 2.1.4 NOTE
r-oldrel-windows-ix86+x86_64 2.1.4 4.00 45.00 49.00 OK

Check Details

Version: 2.1.4
Check: dependencies in R code
Result: NOTE
    Namespace in Imports field not imported from: ‘MASS’
     All declared Imports should be used.
Flavors: r-devel-linux-x86_64-fedora-clang, r-devel-linux-x86_64-fedora-gcc, r-patched-solaris-x86, r-release-macos-x86_64, r-oldrel-macos-x86_64