CRAN Package Check Results for Package Riex

Last updated on 2024-06-13 00:55:29 CEST.

Flavor Version Tinstall Tcheck Ttotal Status Flags
r-devel-linux-x86_64-debian-clang 1.0.2 8.96 71.96 80.92 NOTE
r-devel-linux-x86_64-debian-gcc 1.0.2 0.41 1.73 2.14 ERROR
r-devel-linux-x86_64-fedora-clang 1.0.2 105.75 NOTE
r-devel-linux-x86_64-fedora-gcc 1.0.2 123.93 NOTE
r-devel-windows-x86_64 1.0.2 8.00 76.00 84.00 NOTE
r-patched-linux-x86_64 1.0.2 6.34 71.78 78.12 NOTE
r-release-linux-x86_64 1.0.2 4.51 69.61 74.12 NOTE
r-release-macos-arm64 1.0.2 39.00 NOTE
r-release-macos-x86_64 1.0.2 57.00 NOTE
r-release-windows-x86_64 1.0.2 9.00 77.00 86.00 NOTE
r-oldrel-macos-arm64 1.0.2 38.00 OK
r-oldrel-macos-x86_64 1.0.2 56.00 OK
r-oldrel-windows-x86_64 1.0.2 10.00 86.00 96.00 OK

Check Details

Version: 1.0.2
Check: Rd files
Result: NOTE checkRd: (-1) iex.chart.Rd:23: Lost braces; missing escapes or markup? 23 | r takes only of of the values accepted IN API request. {"5y", "2y", "1y", "ytd", "6m", "3m", "1m", "1d"} | ^ Flavors: r-devel-linux-x86_64-debian-clang, r-devel-linux-x86_64-fedora-clang, r-devel-linux-x86_64-fedora-gcc, r-devel-windows-x86_64, r-patched-linux-x86_64, r-release-linux-x86_64, r-release-macos-arm64, r-release-macos-x86_64, r-release-windows-x86_64

Version: 1.0.2
Check: package dependencies
Result: ERROR Packages required but not available: 'tidyr', 'tibble', 'dplyr', 'ggplot2', 'purrr', 'stringr' Package suggested but not available for checking: ‘testthat’ See section ‘The DESCRIPTION file’ in the ‘Writing R Extensions’ manual. Flavor: r-devel-linux-x86_64-debian-gcc