CRAN Package Check Results for Package Riemann

Last updated on 2024-05-25 19:54:31 CEST.

Flavor Version Tinstall Tcheck Ttotal Status Flags
r-devel-linux-x86_64-debian-clang 0.1.4 341.40 246.69 588.09 NOTE
r-devel-linux-x86_64-debian-gcc 0.1.4 229.29 182.50 411.79 NOTE
r-devel-linux-x86_64-fedora-clang 0.1.4 801.43 NOTE
r-devel-linux-x86_64-fedora-gcc 0.1.4 843.32 NOTE
r-devel-windows-x86_64 0.1.4 250.00 224.00 474.00 NOTE
r-patched-linux-x86_64 0.1.4 213.04 230.33 443.37 NOTE
r-release-linux-x86_64 0.1.4 286.01 231.77 517.78 NOTE
r-release-macos-arm64 0.1.4 164.00 NOTE
r-release-macos-x86_64 0.1.4 184.00 NOTE
r-release-windows-x86_64 0.1.4 250.00 225.00 475.00 NOTE
r-oldrel-macos-arm64 0.1.4 200.00 NOTE
r-oldrel-macos-x86_64 0.1.4 341.00 NOTE
r-oldrel-windows-x86_64 0.1.4 318.00 284.00 602.00 NOTE

Check Details

Version: 0.1.4
Check: C++ specification
Result: NOTE Specified C++11: please drop specification unless essential Flavors: r-devel-linux-x86_64-debian-clang, r-devel-linux-x86_64-debian-gcc, r-devel-linux-x86_64-fedora-clang, r-devel-linux-x86_64-fedora-gcc, r-devel-windows-x86_64, r-patched-linux-x86_64, r-release-linux-x86_64, r-release-macos-arm64, r-release-macos-x86_64, r-release-windows-x86_64, r-oldrel-macos-arm64, r-oldrel-macos-x86_64, r-oldrel-windows-x86_64

Version: 0.1.4
Check: Rd files
Result: NOTE checkRd: (-1) acg.Rd:72: Escaped LaTeX specials: \& checkRd: (-1) gorilla.Rd:41: Escaped LaTeX specials: \& checkRd: (-1) grassmann.utest.Rd:63: Escaped LaTeX specials: \& checkRd: (-1) macg.Rd:71: Escaped LaTeX specials: \& checkRd: (-1) sphere.utest.Rd:47: Escaped LaTeX specials: \& checkRd: (-1) stiefel.utest.Rd:64: Escaped LaTeX specials: \& checkRd: (-1) wrap.landmark.Rd:41: Escaped LaTeX specials: \& Flavors: r-devel-linux-x86_64-debian-clang, r-devel-linux-x86_64-debian-gcc, r-devel-linux-x86_64-fedora-clang, r-devel-linux-x86_64-fedora-gcc, r-devel-windows-x86_64, r-patched-linux-x86_64, r-release-linux-x86_64, r-release-macos-arm64, r-release-macos-x86_64, r-release-windows-x86_64, r-oldrel-macos-arm64, r-oldrel-macos-x86_64, r-oldrel-windows-x86_64

Version: 0.1.4
Check: installed package size
Result: NOTE installed size is 17.8Mb sub-directories of 1Mb or more: data 1.6Mb libs 15.4Mb Flavors: r-release-macos-arm64, r-release-macos-x86_64, r-oldrel-macos-arm64, r-oldrel-macos-x86_64