CRAN Package Check Results for Package RgoogleMaps

Last updated on 2021-06-21 07:48:57 CEST.

Flavor Version Tinstall Tcheck Ttotal Status Flags
r-devel-linux-x86_64-debian-clang 1.4.5.3 5.60 47.95 53.55 OK
r-devel-linux-x86_64-debian-gcc 1.4.5.3 4.34 37.37 41.71 OK
r-devel-linux-x86_64-fedora-clang 1.4.5.3 75.38 OK
r-devel-linux-x86_64-fedora-gcc 1.4.5.3 64.49 OK
r-devel-windows-x86_64 1.4.5.3 8.00 66.00 74.00 OK
r-devel-windows-x86_64-gcc10-UCRT 1.4.5.3 OK
r-patched-linux-x86_64 1.4.5.3 6.23 47.25 53.48 OK
r-patched-solaris-x86 1.4.5.3 95.00 OK
r-release-linux-x86_64 1.4.5.3 5.06 47.28 52.34 OK
r-release-macos-arm64 1.4.5.3 NOTE
r-release-macos-x86_64 1.4.5.3 OK
r-release-windows-ix86+x86_64 1.4.5.3 10.00 68.00 78.00 OK
r-oldrel-macos-x86_64 1.4.5.3 OK
r-oldrel-windows-ix86+x86_64 1.4.5.3 9.00 0.00 9.00 OK

Check Details

Version: 1.4.5.3
Check: package dependencies
Result: NOTE
    Package suggested but not available for checking: ‘loa’
Flavor: r-release-macos-arm64