CRAN Package Check Results for Package Rfast2

Last updated on 2021-05-07 11:49:41 CEST.

Flavor Version Tinstall Tcheck Ttotal Status Flags
r-devel-linux-x86_64-debian-clang 0.0.9 474.93 68.74 543.67 NOTE
r-devel-linux-x86_64-debian-gcc 0.0.9 316.80 52.03 368.83 NOTE
r-devel-linux-x86_64-fedora-clang 0.0.9 793.21 NOTE
r-devel-linux-x86_64-fedora-gcc 0.0.9 691.52 NOTE
r-devel-windows-ix86+x86_64 0.0.9 807.00 128.00 935.00 NOTE
r-devel-windows-x86_64-gcc10-UCRT 0.0.9 NOTE
r-patched-linux-x86_64 0.0.9 386.96 65.98 452.94 NOTE
r-patched-solaris-x86 0.0.9 542.10 OK
r-release-linux-x86_64 0.0.9 368.25 62.37 430.62 OK
r-release-macos-x86_64 0.0.9 NOTE
r-release-windows-ix86+x86_64 0.0.9 799.00 103.00 902.00 NOTE
r-oldrel-macos-x86_64 0.0.9 NOTE
r-oldrel-windows-ix86+x86_64 0.0.9 922.00 13.00 935.00 ERROR

Check Details

Version: 0.0.9
Check: LazyData
Result: NOTE
     'LazyData' is specified without a 'data' directory
Flavors: r-devel-linux-x86_64-debian-clang, r-devel-linux-x86_64-debian-gcc, r-devel-linux-x86_64-fedora-clang, r-devel-linux-x86_64-fedora-gcc, r-devel-windows-ix86+x86_64, r-devel-windows-x86_64-gcc10-UCRT, r-patched-linux-x86_64

Version: 0.0.9
Check: installed package size
Result: NOTE
     installed size is 22.4Mb
     sub-directories of 1Mb or more:
     libs 21.9Mb
Flavors: r-devel-linux-x86_64-fedora-clang, r-devel-windows-ix86+x86_64, r-release-macos-x86_64, r-release-windows-ix86+x86_64, r-oldrel-macos-x86_64

Version: 0.0.9
Check: whether package can be installed
Result: ERROR
    Installation failed.
Flavor: r-oldrel-windows-ix86+x86_64