CRAN Package Check Results for Package Rfast

Last updated on 2021-10-23 19:52:19 CEST.

Flavor Version Tinstall Tcheck Ttotal Status Flags
r-devel-linux-x86_64-debian-clang 2.0.3 1188.51 113.48 1301.99 OK
r-devel-linux-x86_64-debian-gcc 2.0.3 929.60 86.20 1015.80 OK
r-devel-linux-x86_64-fedora-clang 2.0.3 2155.37 NOTE
r-devel-linux-x86_64-fedora-gcc 2.0.3 1917.10 OK
r-devel-windows-x86_64 2.0.3 1559.00 141.00 1700.00 NOTE
r-devel-windows-x86_64-gcc10-UCRT 2.0.3 OK
r-patched-linux-x86_64 2.0.3 1114.98 110.62 1225.60 OK
r-patched-solaris-x86 2.0.3 1427.80 NOTE
r-release-linux-x86_64 2.0.3 1118.33 111.09 1229.42 OK
r-release-macos-arm64 2.0.3 NOTE
r-release-macos-x86_64 2.0.3 NOTE
r-release-windows-ix86+x86_64 2.0.3 2244.00 228.00 2472.00 NOTE
r-oldrel-macos-x86_64 2.0.3 NOTE
r-oldrel-windows-ix86+x86_64 2.0.3 3191.00 240.00 3431.00 NOTE

Check Details

Version: 2.0.3
Check: installed package size
Result: NOTE
     installed size is 50.3Mb
     sub-directories of 1Mb or more:
     libs 48.9Mb
Flavors: r-devel-linux-x86_64-fedora-clang, r-devel-windows-x86_64, r-patched-solaris-x86, r-release-macos-arm64, r-release-macos-x86_64, r-release-windows-ix86+x86_64, r-oldrel-macos-x86_64, r-oldrel-windows-ix86+x86_64