Last updated on 2021-02-24 19:48:17 CET.
Flavor | Version | Tinstall | Tcheck | Ttotal | Status | Flags |
---|---|---|---|---|---|---|
r-devel-linux-x86_64-debian-clang | 0.1.0 | 15.83 | 125.25 | 141.08 | OK | |
r-devel-linux-x86_64-debian-gcc | 0.1.0 | 12.74 | 93.92 | 106.66 | OK | |
r-devel-linux-x86_64-fedora-clang | 0.1.0 | 173.97 | NOTE | |||
r-devel-linux-x86_64-fedora-gcc | 0.1.0 | 160.69 | NOTE | |||
r-devel-windows-ix86+x86_64 | 0.1.0 | 19.00 | 101.00 | 120.00 | OK | |
r-patched-linux-x86_64 | 0.1.0 | 13.32 | 118.32 | 131.64 | OK | |
r-patched-solaris-x86 | 0.1.0 | 223.40 | NOTE | |||
r-release-linux-x86_64 | 0.1.0 | 14.06 | 115.96 | 130.02 | OK | |
r-release-macos-x86_64 | 0.1.0 | NOTE | ||||
r-release-windows-ix86+x86_64 | 0.1.0 | 30.00 | 130.00 | 160.00 | OK | |
r-oldrel-macos-x86_64 | 0.1.0 | NOTE | ||||
r-oldrel-windows-ix86+x86_64 | 0.1.0 | 18.00 | 127.00 | 145.00 | OK |
Version: 0.1.0
Check: dependencies in R code
Result: NOTE
Namespace in Imports field not imported from: ‘rmarkdown’
All declared Imports should be used.
Flavors: r-devel-linux-x86_64-fedora-clang, r-devel-linux-x86_64-fedora-gcc, r-patched-solaris-x86, r-release-macos-x86_64, r-oldrel-macos-x86_64