CRAN Package Check Results for Package RefManageR

Last updated on 2021-06-19 11:52:01 CEST.

Flavor Version Tinstall Tcheck Ttotal Status Flags
r-devel-linux-x86_64-debian-clang 1.3.0 13.16 140.95 154.11 OK
r-devel-linux-x86_64-debian-gcc 1.3.0 8.96 105.62 114.58 OK
r-devel-linux-x86_64-fedora-clang 1.3.0 188.44 NOTE
r-devel-linux-x86_64-fedora-gcc 1.3.0 176.21 OK
r-devel-windows-x86_64 1.3.0 19.00 180.00 199.00 OK
r-devel-windows-x86_64-gcc10-UCRT 1.3.0 OK
r-patched-linux-x86_64 1.3.0 12.76 133.49 146.25 OK
r-patched-solaris-x86 1.3.0 225.50 OK
r-release-linux-x86_64 1.3.0 13.26 135.15 148.41 OK
r-release-macos-arm64 1.3.0 OK
r-release-macos-x86_64 1.3.0 OK
r-release-windows-ix86+x86_64 1.3.0 22.00 176.00 198.00 OK
r-oldrel-macos-x86_64 1.3.0 OK
r-oldrel-windows-ix86+x86_64 1.3.0 15.00 179.00 194.00 OK

Check Details

Version: 1.3.0
Check: package dependencies
Result: NOTE
    Suggests orphaned package: ‘bibtex’
Flavor: r-devel-linux-x86_64-fedora-clang