Last updated on 2022-05-26 03:53:18 CEST.
Flavor | Version | Tinstall | Tcheck | Ttotal | Status | Flags |
---|---|---|---|---|---|---|
r-devel-linux-x86_64-debian-clang | 0.2.10 | 27.87 | 256.93 | 284.80 | NOTE | |
r-devel-linux-x86_64-debian-gcc | 0.2.10 | 23.00 | 188.28 | 211.28 | NOTE | |
r-devel-linux-x86_64-fedora-clang | 0.2.10 | 323.89 | NOTE | |||
r-devel-linux-x86_64-fedora-gcc | 0.2.10 | 328.87 | NOTE | |||
r-devel-windows-x86_64 | 0.2.10 | 43.00 | 219.00 | 262.00 | NOTE | |
r-patched-linux-x86_64 | 0.2.10 | 22.86 | 243.40 | 266.26 | NOTE | |
r-release-linux-x86_64 | 0.2.10 | NOTE | ||||
r-release-macos-arm64 | 0.2.10 | 66.00 | NOTE | |||
r-release-macos-x86_64 | 0.2.10 | 101.00 | NOTE | |||
r-release-windows-x86_64 | 0.2.10 | 55.00 | 228.00 | 283.00 | NOTE | |
r-oldrel-macos-arm64 | 0.2.10 | 37.00 | NOTE | |||
r-oldrel-macos-x86_64 | 0.2.10 | 67.00 | NOTE | |||
r-oldrel-windows-ix86+x86_64 | 0.2.10 | 59.00 | 242.00 | 301.00 | NOTE |
Version: 0.2.10
Check: LazyData
Result: NOTE
'LazyData' is specified without a 'data' directory
Flavors: r-devel-linux-x86_64-debian-clang, r-devel-linux-x86_64-debian-gcc, r-devel-linux-x86_64-fedora-clang, r-devel-linux-x86_64-fedora-gcc, r-devel-windows-x86_64, r-patched-linux-x86_64, r-release-linux-x86_64, r-release-macos-arm64, r-release-macos-x86_64, r-release-windows-x86_64, r-oldrel-macos-arm64, r-oldrel-macos-x86_64, r-oldrel-windows-ix86+x86_64