CRAN Package Check Results for Package ReAD

Last updated on 2024-04-15 09:39:20 CEST.

Flavor Version Tinstall Tcheck Ttotal Status Flags
r-devel-linux-x86_64-debian-clang 1.0.1 43.57 51.13 94.70 NOTE
r-devel-linux-x86_64-debian-gcc 1.0.1 32.48 38.08 70.56 NOTE
r-devel-linux-x86_64-fedora-clang 1.0.1 126.93 NOTE
r-devel-linux-x86_64-fedora-gcc 1.0.1 128.07 NOTE
r-devel-windows-x86_64 1.0.1 34.00 76.00 110.00 NOTE
r-patched-linux-x86_64 1.0.1 38.58 48.84 87.42 NOTE
r-release-linux-x86_64 1.0.1 43.71 47.87 91.58 OK
r-release-macos-arm64 1.0.1 33.00 OK
r-release-macos-x86_64 1.0.1 80.00 OK
r-release-windows-x86_64 1.0.1 44.00 91.00 135.00 OK
r-oldrel-macos-arm64 1.0.1 34.00 OK
r-oldrel-windows-x86_64 1.0.1 40.00 84.00 124.00 OK

Check Details

Version: 1.0.1
Check: Rd files
Result: NOTE checkRd: (-1) ReAD.Rd:19: Lost braces; missing escapes or markup? 19 | \item{pi}{An estimate of the stationary probabilities of four states {(0,0), (0,1), (1,0), (1,1)}.} | ^ checkRd: (-1) em_hmm.Rd:22: Lost braces; missing escapes or markup? 22 | \item{pi}{An estimate of the stationary probabilities of four states {(0,0), (0,1), (1,0), (1,1)}.} | ^ Flavors: r-devel-linux-x86_64-debian-clang, r-devel-linux-x86_64-debian-gcc, r-devel-linux-x86_64-fedora-clang, r-devel-linux-x86_64-fedora-gcc, r-devel-windows-x86_64, r-patched-linux-x86_64