CRAN Package Check Results for Package Rdroolsjars

Last updated on 2021-06-12 23:49:17 CEST.

Flavor Version Tinstall Tcheck Ttotal Status Flags
r-devel-linux-x86_64-debian-clang 1.0.1 4.72 33.21 37.93 OK
r-devel-linux-x86_64-debian-gcc 1.0.1 3.34 25.83 29.17 OK
r-devel-linux-x86_64-fedora-clang 1.0.1 56.30 NOTE
r-devel-linux-x86_64-fedora-gcc 1.0.1 45.92 OK
r-devel-windows-x86_64 1.0.1 7.00 41.00 48.00 NOTE
r-devel-windows-x86_64-gcc10-UCRT 1.0.1 OK
r-patched-linux-x86_64 1.0.1 4.04 32.10 36.14 OK
r-patched-solaris-x86 1.0.1 67.30 NOTE
r-release-linux-x86_64 1.0.1 3.94 32.48 36.42 OK
r-release-macos-arm64 1.0.1 ERROR
r-release-macos-x86_64 1.0.1 NOTE
r-release-windows-ix86+x86_64 1.0.1 9.00 41.00 50.00 NOTE
r-oldrel-macos-x86_64 1.0.1 NOTE
r-oldrel-windows-ix86+x86_64 1.0.1 7.00 39.00 46.00 NOTE

Check Details

Version: 1.0.1
Check: installed package size
Result: NOTE
     installed size is 10.2Mb
     sub-directories of 1Mb or more:
     java 10.1Mb
Flavors: r-devel-linux-x86_64-fedora-clang, r-devel-windows-x86_64, r-patched-solaris-x86, r-release-macos-x86_64, r-release-windows-ix86+x86_64, r-oldrel-macos-x86_64, r-oldrel-windows-ix86+x86_64

Version: 1.0.1
Check: whether package can be installed
Result: ERROR
    Installation failed.
Flavor: r-release-macos-arm64