CRAN Package Check Results for Package RcppThread

Last updated on 2021-06-21 11:52:18 CEST.

Flavor Version Tinstall Tcheck Ttotal Status Flags
r-devel-linux-x86_64-debian-clang 1.0.0 1.84 52.72 54.56 NOTE
r-devel-linux-x86_64-debian-gcc 1.0.0 1.38 38.06 39.44 NOTE
r-devel-linux-x86_64-fedora-clang 1.0.0 79.56 NOTE
r-devel-linux-x86_64-fedora-gcc 1.0.0 64.68 NOTE
r-devel-windows-x86_64 1.0.0 4.00 58.00 62.00 NOTE
r-devel-windows-x86_64-gcc10-UCRT 1.0.0 NOTE
r-patched-linux-x86_64 1.0.0 1.66 45.19 46.85 NOTE
r-patched-solaris-x86 1.0.0 77.40 NOTE
r-release-linux-x86_64 1.0.0 1.72 45.56 47.28 NOTE
r-release-macos-arm64 1.0.0 NOTE
r-release-macos-x86_64 1.0.0 NOTE
r-release-windows-ix86+x86_64 1.0.0 6.00 71.00 77.00 NOTE
r-oldrel-macos-x86_64 1.0.0 OK

Check Details

Version: 1.0.0
Check: LazyData
Result: NOTE
     'LazyData' is specified without a 'data' directory
Flavors: r-devel-linux-x86_64-debian-clang, r-devel-linux-x86_64-debian-gcc, r-devel-linux-x86_64-fedora-clang, r-devel-linux-x86_64-fedora-gcc, r-devel-windows-x86_64, r-devel-windows-x86_64-gcc10-UCRT, r-patched-linux-x86_64, r-patched-solaris-x86, r-release-linux-x86_64, r-release-macos-arm64, r-release-macos-x86_64, r-release-windows-ix86+x86_64