CRAN Package Check Results for Package RcppSimdJson

Last updated on 2022-05-25 11:51:13 CEST.

Flavor Version Tinstall Tcheck Ttotal Status Flags
r-devel-linux-x86_64-debian-clang 0.1.7 131.13 56.42 187.55 WARN
r-devel-linux-x86_64-debian-gcc 0.1.7 109.50 43.72 153.22 OK
r-devel-linux-x86_64-fedora-clang 0.1.7 273.54 WARN
r-devel-linux-x86_64-fedora-gcc 0.1.7 252.03 OK
r-devel-windows-x86_64 0.1.7 151.00 121.00 272.00 NOTE
r-patched-linux-x86_64 0.1.7 107.24 55.45 162.69 OK
r-release-linux-x86_64 0.1.7 OK
r-release-macos-arm64 0.1.7 62.00 NOTE
r-release-macos-x86_64 0.1.7 79.00 NOTE
r-release-windows-x86_64 0.1.7 224.00 108.00 332.00 NOTE
r-oldrel-macos-arm64 0.1.7 53.00 NOTE
r-oldrel-macos-x86_64 0.1.7 79.00 NOTE
r-oldrel-windows-ix86+x86_64 0.1.7 260.00 142.00 402.00 NOTE

Additional issues

clang14

Check Details

Version: 0.1.7
Check: whether package can be installed
Result: WARN
    Found the following significant warnings:
     ../inst/include/RcppSimdJson/../simdjson.h:8817:8: warning: use of bitwise '|' with boolean operands [-Wbitwise-instead-of-logical]
     ../inst/include/simdjson.h:8817:8: warning: use of bitwise '|' with boolean operands [-Wbitwise-instead-of-logical]
Flavors: r-devel-linux-x86_64-debian-clang, r-devel-linux-x86_64-fedora-clang

Version: 0.1.7
Check: installed package size
Result: NOTE
     installed size is 14.7Mb
     sub-directories of 1Mb or more:
     include 1.5Mb
     jsonexamples 3.8Mb
     libs 9.1Mb
Flavors: r-devel-linux-x86_64-fedora-clang, r-devel-windows-x86_64, r-release-macos-arm64, r-release-macos-x86_64, r-release-windows-x86_64, r-oldrel-macos-arm64, r-oldrel-macos-x86_64, r-oldrel-windows-ix86+x86_64