CRAN Package Check Results for Package RcppParallel

Last updated on 2021-12-05 07:49:20 CET.

Flavor Version Tinstall Tcheck Ttotal Status Flags
r-devel-linux-x86_64-debian-clang 5.1.4 49.56 82.88 132.44 NOTE
r-devel-linux-x86_64-debian-gcc 5.1.4 35.43 57.53 92.96 NOTE
r-devel-linux-x86_64-fedora-clang 5.1.4 191.54 NOTE
r-devel-linux-x86_64-fedora-gcc 5.1.4 149.12 NOTE
r-devel-windows-x86_64-new-UL 5.1.4 178.00 144.00 322.00 NOTE
r-devel-windows-x86_64-new-TK 5.1.4 NOTE
r-devel-windows-x86_64-old 5.1.4 156.00 90.00 246.00 NOTE
r-patched-linux-x86_64 5.1.4 41.64 66.84 108.48 NOTE
r-release-linux-x86_64 5.1.4 41.45 73.64 115.09 NOTE
r-release-macos-arm64 5.1.4 NOTE
r-release-macos-x86_64 5.1.4 NOTE
r-release-windows-ix86+x86_64 5.1.4 309.00 169.00 478.00 NOTE
r-oldrel-macos-x86_64 5.1.4 NOTE
r-oldrel-windows-ix86+x86_64 5.1.4 276.00 173.00 449.00 NOTE

Additional issues

gcc-ASAN

Check Details

Version: 5.1.4
Check: for GNU extensions in Makefiles
Result: NOTE
    GNU make is a SystemRequirements.
Flavors: r-devel-linux-x86_64-debian-clang, r-devel-linux-x86_64-debian-gcc, r-devel-linux-x86_64-fedora-clang, r-devel-linux-x86_64-fedora-gcc, r-devel-windows-x86_64-new-UL, r-devel-windows-x86_64-new-TK, r-devel-windows-x86_64-old, r-patched-linux-x86_64, r-release-linux-x86_64, r-release-macos-arm64, r-release-macos-x86_64, r-release-windows-ix86+x86_64, r-oldrel-macos-x86_64, r-oldrel-windows-ix86+x86_64

Version: 5.1.4
Check: installed package size
Result: NOTE
     installed size is 5.0Mb
     sub-directories of 1Mb or more:
     include 2.1Mb
     lib 2.6Mb
Flavors: r-devel-linux-x86_64-fedora-clang, r-release-windows-ix86+x86_64, r-oldrel-windows-ix86+x86_64