Last updated on 2022-05-17 11:49:49 CEST.
Flavor | Version | Tinstall | Tcheck | Ttotal | Status | Flags |
---|---|---|---|---|---|---|
r-devel-linux-x86_64-debian-clang | 0.2.3 | 42.81 | 88.68 | 131.49 | OK | |
r-devel-linux-x86_64-debian-gcc | 0.2.3 | 37.25 | 67.73 | 104.98 | OK | |
r-devel-linux-x86_64-fedora-clang | 0.2.3 | 178.74 | NOTE | |||
r-devel-linux-x86_64-fedora-gcc | 0.2.3 | 178.58 | OK | |||
r-devel-windows-x86_64 | 0.2.3 | 205.00 | 146.00 | 351.00 | NOTE | |
r-patched-linux-x86_64 | 0.2.3 | 41.03 | 84.91 | 125.94 | OK | |
r-release-linux-x86_64 | 0.2.3 | 43.00 | 86.60 | 129.60 | OK | |
r-release-macos-arm64 | 0.2.3 | 51.00 | NOTE | |||
r-release-macos-x86_64 | 0.2.3 | 84.00 | NOTE | |||
r-release-windows-x86_64 | 0.2.3 | 990.00 | 160.00 | 1150.00 | NOTE | |
r-oldrel-macos-arm64 | 0.2.3 | 61.00 | NOTE | |||
r-oldrel-macos-x86_64 | 0.2.3 | 102.00 | NOTE | |||
r-oldrel-windows-ix86+x86_64 | 0.2.3 | 126.00 | 202.00 | 328.00 | NOTE |
Version: 0.2.3
Check: installed package size
Result: NOTE
installed size is 9.5Mb
sub-directories of 1Mb or more:
include 7.0Mb
libs 2.0Mb
Flavors: r-devel-linux-x86_64-fedora-clang, r-devel-windows-x86_64, r-release-macos-arm64, r-release-macos-x86_64, r-release-windows-x86_64, r-oldrel-macos-arm64, r-oldrel-macos-x86_64, r-oldrel-windows-ix86+x86_64