CRAN Package Check Results for Package RcppML

Last updated on 2021-11-27 19:49:46 CET.

Flavor Version Tinstall Tcheck Ttotal Status Flags
r-devel-linux-x86_64-debian-clang 0.3.7 OK
r-devel-linux-x86_64-debian-gcc 0.3.7 34.71 55.38 90.09 OK
r-devel-linux-x86_64-fedora-clang 0.3.7 167.98 NOTE
r-devel-linux-x86_64-fedora-gcc 0.3.7 151.95 OK
r-devel-windows-x86_64-new-UL 0.3.7 60.00 155.00 215.00 OK
r-devel-windows-x86_64-new-TK 0.3.7 OK
r-devel-windows-x86_64-old 0.3.7 44.00 98.00 142.00 OK
r-patched-linux-x86_64 0.3.7 44.10 69.02 113.12 OK
r-patched-solaris-x86 0.3.7 176.70 OK
r-release-linux-x86_64 0.3.7 OK
r-release-macos-arm64 0.3.7 NOTE
r-release-macos-x86_64 0.3.7 NOTE
r-release-windows-ix86+x86_64 0.3.7 103.00 137.00 240.00 OK
r-oldrel-macos-x86_64 0.3.7 NOTE
r-oldrel-windows-ix86+x86_64 0.3.7 71.00 137.00 208.00 OK

Check Details

Version: 0.3.7
Check: installed package size
Result: NOTE
     installed size is 7.2Mb
     sub-directories of 1Mb or more:
     libs 7.0Mb
Flavors: r-devel-linux-x86_64-fedora-clang, r-release-macos-arm64, r-release-macos-x86_64, r-oldrel-macos-x86_64