CRAN Package Check Results for Package RcppCWB

Last updated on 2021-07-25 19:51:43 CEST.

Flavor Version Tinstall Tcheck Ttotal Status Flags
r-devel-linux-x86_64-debian-clang 0.4.3 59.85 33.95 93.80 OK
r-devel-linux-x86_64-debian-gcc 0.4.3 37.32 27.07 64.39 OK
r-devel-linux-x86_64-fedora-clang 0.4.3 135.14 OK
r-devel-linux-x86_64-fedora-gcc 0.4.3 118.36 OK
r-devel-windows-x86_64 0.4.3 53.00 69.00 122.00 NOTE
r-devel-windows-x86_64-gcc10-UCRT 0.4.2 NOTE
r-patched-linux-x86_64 0.4.3 48.54 33.41 81.95 OK
r-patched-solaris-x86 0.4.3 118.70 OK
r-release-linux-x86_64 0.4.3 48.46 33.18 81.64 OK
r-release-macos-arm64 0.4.3 NOTE
r-release-macos-x86_64 0.4.3 NOTE
r-release-windows-ix86+x86_64 0.4.3 81.00 79.00 160.00 NOTE
r-oldrel-macos-x86_64 0.4.3 NOTE
r-oldrel-windows-ix86+x86_64 0.4.3 71.00 71.00 142.00 NOTE

Check Details

Version: 0.4.3
Check: installed package size
Result: NOTE
     installed size is 5.3Mb
     sub-directories of 1Mb or more:
     extdata 1.8Mb
     libs 3.3Mb
Flavors: r-devel-windows-x86_64, r-release-macos-arm64, r-release-macos-x86_64, r-release-windows-ix86+x86_64, r-oldrel-macos-x86_64, r-oldrel-windows-ix86+x86_64

Version: 0.4.2
Check: for GNU extensions in Makefiles
Result: NOTE
    GNU make is a SystemRequirements.
Flavor: r-devel-windows-x86_64-gcc10-UCRT