CRAN Package Check Results for Package RcppBDT

Last updated on 2024-07-25 11:47:14 CEST.

Flavor Version Tinstall Tcheck Ttotal Status Flags
r-devel-linux-x86_64-debian-clang 0.2.6 89.22 90.47 179.69 NOTE
r-devel-linux-x86_64-debian-gcc 0.2.6 69.93 63.41 133.34 NOTE
r-devel-linux-x86_64-fedora-clang 0.2.6 295.23 NOTE
r-devel-linux-x86_64-fedora-gcc 0.2.6 276.64 NOTE
r-devel-windows-x86_64 0.2.6 78.00 116.00 194.00 NOTE
r-patched-linux-x86_64 0.2.6 NOTE
r-release-linux-x86_64 0.2.6 83.64 86.33 169.97 NOTE
r-release-macos-arm64 0.2.6 56.00 NOTE
r-release-macos-x86_64 0.2.6 68.00 NOTE
r-release-windows-x86_64 0.2.6 91.00 110.00 201.00 NOTE
r-oldrel-macos-arm64 0.2.6 68.00 NOTE
r-oldrel-macos-x86_64 0.2.6 120.00 NOTE
r-oldrel-windows-x86_64 0.2.6 73.00 138.00 211.00 NOTE

Check Details

Version: 0.2.6
Check: C++ specification
Result: NOTE Specified C++11: please drop specification unless essential Flavors: r-devel-linux-x86_64-debian-clang, r-devel-linux-x86_64-debian-gcc, r-devel-linux-x86_64-fedora-clang, r-devel-linux-x86_64-fedora-gcc, r-devel-windows-x86_64, r-patched-linux-x86_64, r-release-linux-x86_64, r-release-macos-arm64, r-release-macos-x86_64, r-release-windows-x86_64, r-oldrel-macos-arm64, r-oldrel-macos-x86_64, r-oldrel-windows-x86_64

Version: 0.2.6
Check: compiled code
Result: NOTE File ‘RcppBDT/libs/RcppBDT.so’: Found non-API call to R: ‘SET_TYPEOF’ Compiled code should not call non-API entry points in R. See ‘Writing portable packages’ in the ‘Writing R Extensions’ manual, and section ‘Moving into C API compliance’ for issues with the use of non-API entry points. Flavors: r-devel-linux-x86_64-debian-clang, r-devel-linux-x86_64-debian-gcc, r-devel-linux-x86_64-fedora-clang, r-devel-linux-x86_64-fedora-gcc

Version: 0.2.6
Check: Rd cross-references
Result: NOTE Found the following Rd file(s) with Rd \link{} targets missing package anchors: cToPOSIXct.Rd: Rcpp Please provide package anchors for all Rd \link{} targets not in the package itself and the base packages. Flavors: r-devel-linux-x86_64-debian-gcc, r-devel-windows-x86_64

Version: 0.2.6
Check: compiled code
Result: NOTE File 'RcppBDT/libs/x64/RcppBDT.dll': Found non-API call to R: 'SET_TYPEOF' Compiled code should not call non-API entry points in R. See 'Writing portable packages' in the 'Writing R Extensions' manual, and section 'Moving into C API compliance' for issues with the use of non-API entry points. Flavor: r-devel-windows-x86_64

Version: 0.2.6
Check: installed package size
Result: NOTE installed size is 8.6Mb sub-directories of 1Mb or more: libs 8.4Mb Flavors: r-release-macos-arm64, r-release-macos-x86_64, r-oldrel-macos-arm64, r-oldrel-macos-x86_64