CRAN Package Check Results for Package RcppArmadillo

Last updated on 2021-05-14 15:50:02 CEST.

Flavor Version Tinstall Tcheck Ttotal Status Flags
r-devel-linux-x86_64-debian-clang 0.10.4.0.0 52.42 46.94 99.36 OK
r-devel-linux-x86_64-debian-gcc 0.10.4.0.0 32.92 37.10 70.02 OK
r-devel-linux-x86_64-fedora-clang 0.10.4.0.0 139.49 NOTE
r-devel-linux-x86_64-fedora-gcc 0.10.4.0.0 119.66 OK
r-devel-windows-ix86+x86_64 0.10.4.0.0 116.00 487.00 603.00 NOTE
r-devel-windows-x86_64-gcc10-UCRT 0.10.4.0.0 OK
r-patched-linux-x86_64 0.10.4.0.0 38.48 46.24 84.72 OK
r-patched-solaris-x86 0.10.4.0.0 324.90 NOTE
r-release-linux-x86_64 0.10.4.0.0 39.99 46.24 86.23 OK
r-release-macos-x86_64 0.10.4.0.0 NOTE
r-release-windows-ix86+x86_64 0.10.4.0.0 89.00 427.00 516.00 NOTE
r-oldrel-macos-x86_64 0.10.4.0.0 NOTE
r-oldrel-windows-ix86+x86_64 0.10.4.0.0 100.00 11.00 111.00 ERROR

Check Details

Version: 0.10.4.0.0
Check: installed package size
Result: NOTE
     installed size is 9.0Mb
     sub-directories of 1Mb or more:
     include 6.2Mb
     libs 1.7Mb
Flavors: r-devel-linux-x86_64-fedora-clang, r-devel-windows-ix86+x86_64, r-patched-solaris-x86, r-release-macos-x86_64, r-release-windows-ix86+x86_64, r-oldrel-macos-x86_64

Version: 0.10.4.0.0
Check: whether package can be installed
Result: ERROR
    Installation failed.
    See * DONE
Flavor: r-oldrel-windows-ix86+x86_64