CRAN Package Check Results for Package RcppArmadillo

Last updated on 2022-01-18 23:47:56 CET.

Flavor Version Tinstall Tcheck Ttotal Status Flags
r-devel-linux-x86_64-debian-clang 0.10.7.5.0 41.58 53.83 95.41 OK
r-devel-linux-x86_64-debian-gcc 0.10.7.5.0 34.48 43.93 78.41 OK
r-devel-linux-x86_64-fedora-clang 0.10.7.5.0 140.67 NOTE
r-devel-linux-x86_64-fedora-gcc 0.10.7.5.0 119.83 OK
r-devel-windows-x86_64-new-UL 0.10.7.5.0 1660.00 378.00 2038.00 NOTE
r-devel-windows-x86_64-new-TK 0.10.7.5.0 OK
r-patched-linux-x86_64 0.10.7.5.0 40.92 53.60 94.52 OK
r-release-linux-x86_64 0.10.7.5.0 OK
r-release-macos-arm64 0.10.7.5.0 NOTE
r-release-macos-x86_64 0.10.7.5.0 NOTE
r-release-windows-ix86+x86_64 0.10.7.5.0 115.00 566.00 681.00 NOTE
r-oldrel-macos-x86_64 0.10.7.5.0 NOTE
r-oldrel-windows-ix86+x86_64 0.10.7.5.0 113.00 570.00 683.00 NOTE

Check Details

Version: 0.10.7.5.0
Check: installed package size
Result: NOTE
     installed size is 8.7Mb
     sub-directories of 1Mb or more:
     include 6.3Mb
     libs 1.6Mb
Flavors: r-devel-linux-x86_64-fedora-clang, r-devel-windows-x86_64-new-UL, r-release-macos-arm64, r-release-macos-x86_64, r-release-windows-ix86+x86_64, r-oldrel-macos-x86_64, r-oldrel-windows-ix86+x86_64