CRAN Package Check Results for Package RcppAnnoy

Last updated on 2022-01-21 19:48:46 CET.

Flavor Version Tinstall Tcheck Ttotal Status Flags
r-devel-linux-x86_64-debian-clang 0.0.19 46.35 99.69 146.04 OK
r-devel-linux-x86_64-debian-gcc 0.0.19 37.00 71.86 108.86 OK
r-devel-linux-x86_64-fedora-clang 0.0.19 200.16 NOTE
r-devel-linux-x86_64-fedora-gcc 0.0.19 183.80 OK
r-devel-windows-x86_64-new-UL 0.0.19 60.00 159.00 219.00 OK
r-devel-windows-x86_64-new-TK 0.0.19 OK
r-patched-linux-x86_64 0.0.19 41.93 95.42 137.35 OK
r-release-linux-x86_64 0.0.19 42.56 95.88 138.44 OK
r-release-macos-arm64 0.0.19 NOTE
r-release-macos-x86_64 0.0.19 NOTE
r-release-windows-ix86+x86_64 0.0.19 134.00 202.00 336.00 OK
r-oldrel-macos-x86_64 0.0.19 NOTE
r-oldrel-windows-ix86+x86_64 0.0.19 136.00 194.00 330.00 OK

Check Details

Version: 0.0.19
Check: installed package size
Result: NOTE
     installed size is 5.5Mb
     sub-directories of 1Mb or more:
     libs 5.0Mb
Flavors: r-devel-linux-x86_64-fedora-clang, r-release-macos-arm64, r-release-macos-x86_64, r-oldrel-macos-x86_64