CRAN Package Check Results for Package Rcpp

Last updated on 2022-01-21 16:10:21 CET.

Flavor Version Tinstall Tcheck Ttotal Status Flags
r-devel-linux-x86_64-debian-clang 1.0.8 56.58 85.24 141.82 OK
r-devel-linux-x86_64-debian-gcc 1.0.8 40.26 66.35 106.61 OK
r-devel-linux-x86_64-fedora-clang 1.0.8 202.73 NOTE
r-devel-linux-x86_64-fedora-gcc 1.0.8 175.66 NOTE
r-devel-windows-x86_64-new-UL 1.0.8 983.00 8.00 991.00 ERROR
r-devel-windows-x86_64-new-TK 1.0.8 OK
r-patched-linux-x86_64 1.0.8 46.29 86.27 132.56 OK
r-release-linux-x86_64 1.0.8 48.19 85.62 133.81 OK
r-release-macos-arm64 1.0.8 NOTE
r-release-macos-x86_64 1.0.8 NOTE
r-release-windows-ix86+x86_64 1.0.8 134.00 140.00 274.00 NOTE
r-oldrel-macos-x86_64 1.0.7 NOTE
r-oldrel-windows-ix86+x86_64 1.0.8 134.00 139.00 273.00 NOTE

Check Details

Version: 1.0.8
Check: installed package size
Result: NOTE
     installed size is 13.4Mb
     sub-directories of 1Mb or more:
     doc 1.2Mb
     include 6.4Mb
     libs 3.8Mb
     tinytest 1.0Mb
Flavors: r-devel-linux-x86_64-fedora-clang, r-release-macos-arm64, r-release-macos-x86_64, r-release-windows-ix86+x86_64, r-oldrel-windows-ix86+x86_64

Version: 1.0.8
Check: foreign function calls
Result: NOTE
    Registration problem:
     symbol ‘symbol’ in the local frame:
     .Call(symbol)
    See chapter ‘System and foreign language interfaces’ in the ‘Writing R
    Extensions’ manual.
Flavors: r-devel-linux-x86_64-fedora-clang, r-devel-linux-x86_64-fedora-gcc

Version: 1.0.8
Check: whether package can be installed
Result: ERROR
    Installation failed.
Flavor: r-devel-windows-x86_64-new-UL

Version: 1.0.7
Check: installed package size
Result: NOTE
     installed size is 14.0Mb
     sub-directories of 1Mb or more:
     doc 1.1Mb
     include 6.3Mb
     libs 4.8Mb
Flavor: r-oldrel-macos-x86_64