CRAN Package Check Results for Package Rcompadre

Last updated on 2021-09-22 07:51:34 CEST.

Flavor Version Tinstall Tcheck Ttotal Status Flags
r-devel-linux-x86_64-debian-clang 1.0.0 10.80 128.98 139.78 OK
r-devel-linux-x86_64-debian-gcc 1.0.0 10.80 95.83 106.63 OK
r-devel-linux-x86_64-fedora-clang 1.0.0 176.90 NOTE
r-devel-linux-x86_64-fedora-gcc 1.0.0 169.89 NOTE
r-devel-windows-x86_64 1.0.0 13.00 121.00 134.00 OK
r-devel-windows-x86_64-gcc10-UCRT 1.0.0 ERROR
r-patched-linux-x86_64 1.0.0 11.94 131.30 143.24 OK
r-patched-solaris-x86 1.0.0 246.50 NOTE
r-release-linux-x86_64 1.0.0 11.04 130.75 141.79 OK
r-release-macos-arm64 1.0.0 NOTE
r-release-macos-x86_64 1.0.0 NOTE
r-release-windows-ix86+x86_64 1.0.0 24.00 161.00 185.00 OK
r-oldrel-macos-x86_64 1.0.0 NOTE
r-oldrel-windows-ix86+x86_64 1.0.0 17.00 122.00 139.00 OK

Check Details

Version: 1.0.0
Check: data for non-ASCII characters
Result: NOTE
     Note: found 345 marked UTF-8 strings
Flavors: r-devel-linux-x86_64-fedora-clang, r-devel-linux-x86_64-fedora-gcc, r-devel-windows-x86_64-gcc10-UCRT, r-patched-solaris-x86, r-release-macos-arm64, r-release-macos-x86_64, r-oldrel-macos-x86_64

Version: 1.0.0
Check: package dependencies
Result: NOTE
    Packages suggested but not available for checking: 'spelling', 'rcrossref'
Flavor: r-devel-windows-x86_64-gcc10-UCRT

Version: 1.0.0
Check: re-building of vignette outputs
Result: WARN
    Error(s) in re-building vignettes:
    --- re-building 'a01_GettingStarted.Rmd' using rmarkdown
    --- finished re-building 'a01_GettingStarted.Rmd'
    
    --- re-building 'a02_RcompadreTidy.Rmd' using rmarkdown
    
    Attaching package: 'dplyr'
    
    The following objects are masked from 'package:stats':
    
     filter, lag
    
    The following objects are masked from 'package:base':
    
     intersect, setdiff, setequal, union
    
    Warning: Removed 24 rows containing missing values (geom_point).
    --- finished re-building 'a02_RcompadreTidy.Rmd'
    
    --- re-building 'a03_VectorisingRcompadre.Rmd' using rmarkdown
    --- finished re-building 'a03_VectorisingRcompadre.Rmd'
    
    --- re-building 'a04_ObtainingReferences.Rmd' using rmarkdown
    Quitting from lines 39-41 (a04_ObtainingReferences.Rmd)
    Error: processing vignette 'a04_ObtainingReferences.Rmd' failed with diagnostics:
    there is no package called 'rcrossref'
    --- failed re-building 'a04_ObtainingReferences.Rmd'
    
    SUMMARY: processing the following file failed:
     'a04_ObtainingReferences.Rmd'
    
    Error: Vignette re-building failed.
    Execution halted
Flavor: r-devel-windows-x86_64-gcc10-UCRT

Version: 1.0.0
Check: PDF version of manual
Result: WARN
    LaTeX errors when creating PDF version.
    This typically indicates Rd problems.
Flavor: r-devel-windows-x86_64-gcc10-UCRT

Version: 1.0.0
Check: PDF version of manual without hyperrefs or index
Result: ERROR
    Re-running with no redirection of stdout/stderr.
Flavor: r-devel-windows-x86_64-gcc10-UCRT