CRAN Package Check Results for Package RcmdrPlugin.temis

Last updated on 2021-02-26 15:51:02 CET.

Flavor Version Tinstall Tcheck Ttotal Status Flags
r-devel-linux-x86_64-debian-clang 0.7.10 28.40 168.31 196.71 NOTE
r-devel-linux-x86_64-debian-gcc 0.7.10 21.79 125.38 147.17 NOTE
r-devel-linux-x86_64-fedora-clang 0.7.10 264.23 NOTE
r-devel-linux-x86_64-fedora-gcc 0.7.10 241.64 NOTE
r-devel-windows-ix86+x86_64 0.7.10 34.00 138.00 172.00 NOTE
r-patched-linux-x86_64 0.7.10 20.52 157.13 177.65 NOTE
r-patched-solaris-x86 0.7.10 345.20 NOTE
r-release-linux-x86_64 0.7.10 18.75 157.38 176.13 NOTE
r-release-macos-x86_64 0.7.10 NOTE
r-release-windows-ix86+x86_64 0.7.10 51.00 191.00 242.00 NOTE
r-oldrel-macos-x86_64 0.7.10 NOTE
r-oldrel-windows-ix86+x86_64 0.7.10 30.00 170.00 200.00 NOTE

Check Details

Version: 0.7.10
Check: package dependencies
Result: NOTE
    Package suggested but not available for checking: 'ROpenOffice'
Flavors: r-devel-linux-x86_64-debian-clang, r-devel-linux-x86_64-debian-gcc, r-devel-linux-x86_64-fedora-clang, r-devel-linux-x86_64-fedora-gcc, r-devel-windows-ix86+x86_64, r-patched-linux-x86_64, r-patched-solaris-x86, r-release-linux-x86_64, r-release-macos-x86_64, r-release-windows-ix86+x86_64, r-oldrel-macos-x86_64, r-oldrel-windows-ix86+x86_64