CRAN Package Check Results for Package RcmdrPlugin.MA

Last updated on 2022-09-30 03:55:04 CEST.

Flavor Version Tinstall Tcheck Ttotal Status Flags
r-devel-linux-x86_64-debian-clang 0.0-2 22.30 157.09 179.39 NOTE
r-devel-linux-x86_64-debian-gcc 0.0-2 17.55 114.44 131.99 NOTE
r-devel-linux-x86_64-fedora-clang 0.0-2 231.34 NOTE
r-devel-linux-x86_64-fedora-gcc 0.0-2 236.12 NOTE
r-devel-windows-x86_64 0.0-2 78.00 211.00 289.00 NOTE
r-patched-linux-x86_64 0.0-2 27.35 159.64 186.99 OK
r-release-linux-x86_64 0.0-2 27.22 162.10 189.32 OK
r-release-macos-arm64 0.0-2 84.00 OK
r-release-macos-x86_64 0.0-2 193.00 OK
r-release-windows-x86_64 0.0-2 83.00 205.00 288.00 OK
r-oldrel-macos-arm64 0.0-2 86.00 OK
r-oldrel-macos-x86_64 0.0-2 151.00 OK
r-oldrel-windows-ix86+x86_64 0.0-2 46.00 175.00 221.00 OK

Check Details

Version: 0.0-2
Check: Rd files
Result: NOTE
    checkRd: (-1) RcmdrPlugin.MA-package.Rd:21: Escaped LaTeX specials: \&
    checkRd: (-1) RcmdrPlugin.MA-package.Rd:23: Escaped LaTeX specials: \&
Flavors: r-devel-linux-x86_64-debian-clang, r-devel-linux-x86_64-debian-gcc, r-devel-linux-x86_64-fedora-clang, r-devel-linux-x86_64-fedora-gcc, r-devel-windows-x86_64