CRAN Package Check Results for Package RcmdrPlugin.EACSPIR

Last updated on 2024-06-13 16:49:22 CEST.

Flavor Version Tinstall Tcheck Ttotal Status Flags
r-devel-linux-x86_64-debian-clang 0.2-3 28.98 198.66 227.64 OK
r-devel-linux-x86_64-debian-gcc 0.2-3 0.38 1.62 2.00 ERROR
r-devel-linux-x86_64-fedora-clang 0.2-3 295.27 OK
r-devel-linux-x86_64-fedora-gcc 0.2-3 278.85 OK
r-devel-windows-x86_64 0.2-3 31.00 248.00 279.00 OK
r-patched-linux-x86_64 0.2-3 28.97 188.31 217.28 OK
r-release-linux-x86_64 0.2-3 27.09 187.40 214.49 OK
r-release-macos-arm64 0.2-3 91.00 OK
r-release-macos-x86_64 0.2-3 119.00 OK
r-release-windows-x86_64 0.2-3 26.00 228.00 254.00 OK
r-oldrel-macos-arm64 0.2-3 74.00 OK
r-oldrel-macos-x86_64 0.2-3 124.00 OK
r-oldrel-windows-x86_64 0.2-3 27.00 168.00 195.00 OK

Check Details

Version: 0.2-3
Check: package dependencies
Result: ERROR Packages required but not available: 'ez', 'Rcmdr', 'RcmdrMisc' See section ‘The DESCRIPTION file’ in the ‘Writing R Extensions’ manual. Flavor: r-devel-linux-x86_64-debian-gcc