CRAN Package Check Results for Package RcmdrPlugin.DoE

Last updated on 2022-09-30 03:55:04 CEST.

Flavor Version Tinstall Tcheck Ttotal Status Flags
r-devel-linux-x86_64-debian-clang 0.12-4 35.01 225.93 260.94 OK
r-devel-linux-x86_64-debian-gcc 0.12-4 28.31 164.25 192.56 OK
r-devel-linux-x86_64-fedora-clang 0.12-4 335.10 NOTE
r-devel-linux-x86_64-fedora-gcc 0.12-4 334.78 OK
r-devel-windows-x86_64 0.12-4 118.00 259.00 377.00 OK
r-patched-linux-x86_64 0.12-4 53.77 230.88 284.65 OK
r-release-linux-x86_64 0.12-4 45.90 227.16 273.06 OK
r-release-macos-arm64 0.12-4 125.00 OK
r-release-macos-x86_64 0.12-4 226.00 OK
r-release-windows-x86_64 0.12-4 111.00 271.00 382.00 OK
r-oldrel-macos-arm64 0.12-4 99.00 OK
r-oldrel-macos-x86_64 0.12-4 161.00 OK
r-oldrel-windows-ix86+x86_64 0.12-4 68.00 224.00 292.00 OK

Check Details

Version: 0.12-4
Check: Rd cross-references
Result: NOTE
    Undeclared packages ‘BsMD’, ‘rsm’, ‘AlgDesign’, ‘lhs’ in Rd xrefs
Flavor: r-devel-linux-x86_64-fedora-clang