CRAN Package Check Results for Package Rcereal

Last updated on 2021-12-04 15:51:26 CET.

Flavor Version Tinstall Tcheck Ttotal Status Flags
r-devel-linux-x86_64-debian-clang 1.2.1.1 1.90 30.66 32.56 NOTE
r-devel-linux-x86_64-debian-gcc 1.2.1.1 1.61 24.72 26.33 NOTE
r-devel-linux-x86_64-fedora-clang 1.2.1.1 43.36 NOTE
r-devel-linux-x86_64-fedora-gcc 1.2.1.1 30.23 NOTE
r-devel-windows-x86_64-new-UL 1.2.1.1 8.00 65.00 73.00 NOTE
r-devel-windows-x86_64-new-TK 1.2.1.1 NOTE
r-devel-windows-x86_64-old 1.2.1.1 4.00 34.00 38.00 NOTE
r-patched-linux-x86_64 1.2.1.1 1.99 21.02 23.01 NOTE
r-release-linux-x86_64 1.2.1.1 1.99 21.10 23.09 NOTE
r-release-macos-arm64 1.2.1.1 NOTE
r-release-macos-x86_64 1.2.1.1 NOTE
r-release-windows-ix86+x86_64 1.2.1.1 5.00 48.00 53.00 NOTE
r-oldrel-macos-x86_64 1.2.1.1 OK
r-oldrel-windows-ix86+x86_64 1.2.1.1 14.00 41.00 55.00 OK

Check Details

Version: 1.2.1.1
Check: LazyData
Result: NOTE
     'LazyData' is specified without a 'data' directory
Flavors: r-devel-linux-x86_64-debian-clang, r-devel-linux-x86_64-debian-gcc, r-devel-linux-x86_64-fedora-clang, r-devel-linux-x86_64-fedora-gcc, r-devel-windows-x86_64-new-UL, r-devel-windows-x86_64-new-TK, r-devel-windows-x86_64-old, r-patched-linux-x86_64, r-release-linux-x86_64, r-release-macos-arm64, r-release-macos-x86_64, r-release-windows-ix86+x86_64