CRAN Package Check Results for Package Rcatch22

Last updated on 2022-05-23 23:50:12 CEST.

Flavor Version Tinstall Tcheck Ttotal Status Flags
r-devel-linux-x86_64-debian-clang 0.1.13 23.59 42.92 66.51 OK
r-devel-linux-x86_64-debian-gcc 0.1.13 18.76 32.67 51.43 OK
r-devel-linux-x86_64-fedora-clang 0.1.13 89.23 NOTE
r-devel-linux-x86_64-fedora-gcc 0.1.13 81.22 NOTE
r-devel-windows-x86_64 0.1.13 66.00 93.00 159.00 OK
r-patched-linux-x86_64 0.1.13 21.13 40.55 61.68 OK
r-release-linux-x86_64 0.1.13 OK
r-release-macos-arm64 0.1.13 28.00 NOTE
r-release-macos-x86_64 0.1.13 39.00 NOTE
r-release-windows-x86_64 0.1.13 66.00 94.00 160.00 OK
r-oldrel-macos-arm64 0.1.13 28.00 NOTE
r-oldrel-macos-x86_64 0.1.13 37.00 NOTE
r-oldrel-windows-ix86+x86_64 0.1.13 72.00 97.00 169.00 OK

Check Details

Version: 0.1.13
Check: dependencies in R code
Result: NOTE
    Namespace in Imports field not imported from: ‘stats’
     All declared Imports should be used.
Flavors: r-devel-linux-x86_64-fedora-clang, r-devel-linux-x86_64-fedora-gcc, r-release-macos-arm64, r-release-macos-x86_64, r-oldrel-macos-arm64, r-oldrel-macos-x86_64